CRAN Package Check Results for Package goeveg

Last updated on 2022-05-25 15:50:35 CEST.

Flavor Version Tinstall Tcheck Ttotal Status Flags
r-devel-linux-x86_64-debian-clang 0.5.1 15.52 130.74 146.26 OK
r-devel-linux-x86_64-debian-gcc 0.5.1 11.19 98.40 109.59 OK
r-devel-linux-x86_64-fedora-clang 0.5.1 173.37 NOTE
r-devel-linux-x86_64-fedora-gcc 0.5.1 169.25 NOTE
r-devel-windows-x86_64 0.5.1 20.00 139.00 159.00 OK
r-patched-linux-x86_64 0.5.1 9.18 124.33 133.51 OK
r-release-linux-x86_64 0.5.1 OK
r-release-macos-arm64 0.5.1 43.00 NOTE
r-release-macos-x86_64 0.5.1 77.00 NOTE
r-release-windows-x86_64 0.5.1 20.00 138.00 158.00 OK
r-oldrel-macos-arm64 0.5.1 55.00 NOTE
r-oldrel-macos-x86_64 0.5.1 85.00 NOTE
r-oldrel-windows-ix86+x86_64 0.5.1 31.00 133.00 164.00 OK

Check Details

Version: 0.5.1
Check: dependencies in R code
Result: NOTE
    Namespace in Imports field not imported from: ‘Hmisc’
     All declared Imports should be used.
Flavors: r-devel-linux-x86_64-fedora-clang, r-devel-linux-x86_64-fedora-gcc, r-release-macos-arm64, r-release-macos-x86_64, r-oldrel-macos-arm64, r-oldrel-macos-x86_64