CRAN Package Check Results for Package glmnetUtils

Last updated on 2022-05-26 03:53:10 CEST.

Flavor Version Tinstall Tcheck Ttotal Status Flags
r-devel-linux-x86_64-debian-clang 1.1.8 8.67 430.57 439.24 OK
r-devel-linux-x86_64-debian-gcc 1.1.8 6.62 316.40 323.02 OK
r-devel-linux-x86_64-fedora-clang 1.1.8 492.96 OK
r-devel-linux-x86_64-fedora-gcc 1.1.8 508.91 OK
r-devel-windows-x86_64 1.1.8 20.00 422.00 442.00 OK
r-patched-linux-x86_64 1.1.8 6.75 405.57 412.32 OK
r-release-linux-x86_64 1.1.8 OK
r-release-macos-arm64 1.1.8 132.00 OK
r-release-macos-x86_64 1.1.8 175.00 OK
r-release-windows-x86_64 1.1.8 17.00 446.00 463.00 OK
r-oldrel-macos-arm64 1.1.8 160.00 OK
r-oldrel-macos-x86_64 1.1.8 1803.00 OK
r-oldrel-windows-ix86+x86_64 1.1.8 19.00 427.00 446.00 WARN

Check Details

Version: 1.1.8
Check: re-building of vignette outputs
Result: WARN
    Error(s) in re-building vignettes:
    --- re-building 'intro.rmd' using rmarkdown
    trying URL 'https://web.stanford.edu/~hastie/glmnet/glmnetData/Leukemia.RData'
    Quitting from lines 167-173 (intro.rmd)
    Error: processing vignette 'intro.rmd' failed with diagnostics:
    cannot open URL 'https://web.stanford.edu/~hastie/glmnet/glmnetData/Leukemia.RData'
    --- failed re-building 'intro.rmd'
    
    SUMMARY: processing the following file failed:
     'intro.rmd'
    
    Error: Vignette re-building failed.
    Execution halted
Flavor: r-oldrel-windows-ix86+x86_64