CRAN Package Check Results for Package glmnet

Last updated on 2022-01-26 15:52:50 CET.

Flavor Version Tinstall Tcheck Ttotal Status Flags
r-devel-linux-x86_64-debian-clang 4.1-3 72.85 291.26 364.11 OK
r-devel-linux-x86_64-debian-gcc 4.1-3 65.61 217.51 283.12 OK
r-devel-linux-x86_64-fedora-clang 4.1-3 461.19 NOTE
r-devel-linux-x86_64-fedora-gcc 4.1-3 448.65 OK
r-devel-windows-x86_64-new-UL 4.1-3 243.00 509.00 752.00 OK
r-devel-windows-x86_64-new-TK 4.1-3 OK
r-patched-linux-x86_64 4.1-3 76.78 287.71 364.49 OK
r-release-linux-x86_64 4.1-3 74.76 284.55 359.31 OK
r-release-macos-arm64 4.1-3 NOTE
r-release-macos-x86_64 4.1-3 NOTE
r-release-windows-ix86+x86_64 4.1-3 195.00 449.00 644.00 NOTE
r-oldrel-macos-x86_64 4.1-3 NOTE
r-oldrel-windows-ix86+x86_64 4.1-3 189.00 449.00 638.00 NOTE

Check Details

Version: 4.1-3
Check: installed package size
Result: NOTE
     installed size is 10.4Mb
     sub-directories of 1Mb or more:
     libs 8.3Mb
Flavors: r-devel-linux-x86_64-fedora-clang, r-release-macos-arm64, r-release-macos-x86_64, r-release-windows-ix86+x86_64, r-oldrel-macos-x86_64, r-oldrel-windows-ix86+x86_64