CRAN Package Check Results for Package glmnet

Last updated on 2024-06-22 03:49:32 CEST.

Flavor Version Tinstall Tcheck Ttotal Status Flags
r-devel-linux-x86_64-debian-clang 4.1-8 147.71 295.95 443.66 OK
r-devel-linux-x86_64-debian-gcc 4.1-8 108.62 224.07 332.69 OK
r-devel-linux-x86_64-fedora-clang 4.1-8 576.83 OK
r-devel-linux-x86_64-fedora-gcc 4.1-8 610.15 OK
r-devel-windows-x86_64 4.1-8 103.00 377.00 480.00 OK
r-patched-linux-x86_64 4.1-8 144.10 295.95 440.05 OK
r-release-linux-x86_64 4.1-8 131.11 288.73 419.84 OK
r-release-macos-arm64 4.1-8 150.00 NOTE
r-release-macos-x86_64 4.1-8 287.00 NOTE
r-release-windows-x86_64 4.1-8 100.00 392.00 492.00 OK
r-oldrel-macos-arm64 4.1-8 173.00 NOTE
r-oldrel-macos-x86_64 4.1-8 318.00 NOTE
r-oldrel-windows-x86_64 4.1-8 122.00 400.00 522.00 OK

Check Details

Version: 4.1-8
Check: installed package size
Result: NOTE installed size is 33.6Mb sub-directories of 1Mb or more: libs 31.7Mb Flavors: r-release-macos-arm64, r-release-macos-x86_64, r-oldrel-macos-arm64, r-oldrel-macos-x86_64