CRAN Package Check Results for Package glmglrt

Last updated on 2024-04-21 15:51:45 CEST.

Flavor Version Tinstall Tcheck Ttotal Status Flags
r-devel-linux-x86_64-debian-clang 0.2.2 4.88 118.71 123.59 NOTE
r-devel-linux-x86_64-debian-gcc 0.2.2 3.54 85.92 89.46 NOTE
r-devel-linux-x86_64-fedora-clang 0.2.2 148.49 NOTE
r-devel-linux-x86_64-fedora-gcc 0.2.2 148.48 NOTE
r-prerel-macos-arm64 0.2.2 44.00 NOTE
r-prerel-windows-x86_64 0.2.2 8.00 100.00 108.00 NOTE
r-patched-linux-x86_64 0.2.2 6.63 114.29 120.92 NOTE
r-release-linux-x86_64 0.2.2 4.38 115.45 119.83 NOTE
r-release-macos-arm64 0.2.2 49.00 NOTE
r-release-macos-x86_64 0.2.2 77.00 NOTE
r-release-windows-x86_64 0.2.2 10.00 123.00 133.00 NOTE
r-oldrel-macos-arm64 0.2.2 41.00 NOTE
r-oldrel-windows-x86_64 0.2.2 11.00 123.00 134.00 NOTE

Check Details

Version: 0.2.2
Check: Rd files
Result: NOTE checkRd: (-1) summarylr.Rd:34: Lost braces 34 | \item{method}{NULL or character vector of length 0, 1 or 2; may be code{"LRT"} or \code{"Rao"} or \code{c("LRT", "Rao")} to compute specified P-values. | ^ Flavors: r-devel-linux-x86_64-debian-clang, r-devel-linux-x86_64-debian-gcc, r-devel-linux-x86_64-fedora-clang, r-devel-linux-x86_64-fedora-gcc, r-prerel-macos-arm64, r-prerel-windows-x86_64, r-patched-linux-x86_64

Version: 0.2.2
Check: LazyData
Result: NOTE 'LazyData' is specified without a 'data' directory Flavors: r-devel-linux-x86_64-debian-clang, r-devel-linux-x86_64-debian-gcc, r-devel-linux-x86_64-fedora-clang, r-devel-linux-x86_64-fedora-gcc, r-prerel-macos-arm64, r-prerel-windows-x86_64, r-patched-linux-x86_64, r-release-linux-x86_64, r-release-macos-arm64, r-release-macos-x86_64, r-release-windows-x86_64, r-oldrel-macos-arm64, r-oldrel-windows-x86_64