Last updated on 2023-06-10 03:56:23 CEST.
Flavor | Version | Tinstall | Tcheck | Ttotal | Status | Flags |
---|---|---|---|---|---|---|
r-devel-linux-x86_64-debian-clang | 3.0.1 | 117.35 | 35.70 | 153.05 | NOTE | |
r-devel-linux-x86_64-debian-gcc | 3.0.1 | 177.33 | 28.17 | 205.50 | NOTE | |
r-devel-linux-x86_64-fedora-clang | 3.0.1 | 194.44 | NOTE | |||
r-devel-linux-x86_64-fedora-gcc | 3.0.1 | 361.40 | NOTE | |||
r-devel-windows-x86_64 | 3.0.1 | 243.00 | 75.00 | 318.00 | NOTE | |
r-patched-linux-x86_64 | 3.0.1 | 102.13 | 34.96 | 137.09 | NOTE | |
r-release-linux-x86_64 | 3.0.1 | 105.32 | 34.71 | 140.03 | NOTE | |
r-release-macos-arm64 | 3.0.1 | 62.00 | NOTE | |||
r-release-macos-x86_64 | 3.0.1 | 123.00 | NOTE | |||
r-release-windows-x86_64 | 3.0.1 | 334.00 | 78.00 | 412.00 | NOTE | |
r-oldrel-macos-arm64 | 3.0.1 | 61.00 | NOTE | |||
r-oldrel-macos-x86_64 | 3.0.1 | 94.00 | NOTE | |||
r-oldrel-windows-x86_64 | 3.0.1 | 101.00 | 74.00 | 175.00 | OK |
Version: 3.0.1
Check: C++ specification
Result: NOTE
Specified C++11: please drop specification unless essential
Flavors: r-devel-linux-x86_64-debian-clang, r-devel-linux-x86_64-debian-gcc, r-devel-linux-x86_64-fedora-clang, r-devel-linux-x86_64-fedora-gcc, r-devel-windows-x86_64, r-patched-linux-x86_64, r-release-linux-x86_64, r-release-macos-arm64, r-release-macos-x86_64, r-release-windows-x86_64
Version: 3.0.1
Check: installed package size
Result: NOTE
installed size is 10.5Mb
sub-directories of 1Mb or more:
libs 10.3Mb
Flavors: r-release-macos-arm64, r-release-macos-x86_64, r-oldrel-macos-arm64, r-oldrel-macos-x86_64