CRAN Package Check Results for Package glamlasso

Last updated on 2022-06-27 03:51:14 CEST.

Flavor Version Tinstall Tcheck Ttotal Status Flags
r-devel-linux-x86_64-debian-clang 3.0.1 135.70 34.02 169.72 OK
r-devel-linux-x86_64-debian-gcc 3.0.1 277.47 27.08 304.55 OK
r-devel-linux-x86_64-fedora-clang 3.0.1 250.10 NOTE
r-devel-linux-x86_64-fedora-gcc 3.0.1 219.17 OK
r-devel-windows-x86_64 3.0.1 82.00 79.00 161.00 OK
r-patched-linux-x86_64 3.0.1 103.21 33.50 136.71 OK
r-release-linux-x86_64 3.0.1 109.31 34.01 143.32 OK
r-release-macos-arm64 3.0.1 63.00 NOTE
r-release-macos-x86_64 3.0.1 94.00 NOTE
r-release-windows-x86_64 3.0.1 91.00 83.00 174.00 OK
r-oldrel-macos-arm64 3.0.1 101.00 NOTE
r-oldrel-macos-x86_64 3.0.1 171.00 NOTE
r-oldrel-windows-ix86+x86_64 3.0.1 200.00 85.00 285.00 OK

Check Details

Version: 3.0.1
Check: installed package size
Result: NOTE
     installed size is 7.3Mb
     sub-directories of 1Mb or more:
     libs 7.1Mb
Flavors: r-devel-linux-x86_64-fedora-clang, r-release-macos-arm64, r-release-macos-x86_64, r-oldrel-macos-arm64, r-oldrel-macos-x86_64