Last updated on 2022-05-17 04:50:33 CEST.
Flavor | Version | Tinstall | Tcheck | Ttotal | Status | Flags |
---|---|---|---|---|---|---|
r-devel-linux-x86_64-debian-clang | 1.0.0 | 6.84 | 73.36 | 80.20 | NOTE | |
r-devel-linux-x86_64-debian-gcc | 1.0.0 | 5.03 | 53.71 | 58.74 | NOTE | |
r-devel-linux-x86_64-fedora-clang | 1.0.0 | 94.04 | NOTE | |||
r-devel-linux-x86_64-fedora-gcc | 1.0.0 | 91.01 | NOTE | |||
r-devel-windows-x86_64 | 1.0.0 | 40.00 | 92.00 | 132.00 | NOTE | |
r-patched-linux-x86_64 | 1.0.0 | 5.78 | 68.45 | 74.23 | NOTE | |
r-release-linux-x86_64 | 1.0.0 | 6.58 | 68.91 | 75.49 | NOTE | |
r-release-macos-arm64 | 1.0.0 | 29.00 | NOTE | |||
r-release-macos-x86_64 | 1.0.0 | 51.00 | NOTE | |||
r-release-windows-x86_64 | 1.0.0 | 30.00 | 95.00 | 125.00 | NOTE | |
r-oldrel-macos-arm64 | 1.0.0 | 37.00 | NOTE | |||
r-oldrel-macos-x86_64 | 1.0.0 | 52.00 | NOTE | |||
r-oldrel-windows-ix86+x86_64 | 1.0.0 | 16.00 | 81.00 | 97.00 | NOTE |
Version: 1.0.0
Check: LazyData
Result: NOTE
'LazyData' is specified without a 'data' directory
Flavors: r-devel-linux-x86_64-debian-clang, r-devel-linux-x86_64-debian-gcc, r-devel-linux-x86_64-fedora-clang, r-devel-linux-x86_64-fedora-gcc, r-devel-windows-x86_64, r-patched-linux-x86_64, r-release-linux-x86_64, r-release-macos-arm64, r-release-macos-x86_64, r-release-windows-x86_64, r-oldrel-macos-arm64, r-oldrel-macos-x86_64, r-oldrel-windows-ix86+x86_64
Version: 1.0.0
Check: dependencies in R code
Result: NOTE
Namespaces in Imports field not imported from:
‘Rcpp’ ‘mockery’
All declared Imports should be used.
Flavors: r-devel-linux-x86_64-fedora-clang, r-devel-linux-x86_64-fedora-gcc, r-release-macos-arm64, r-release-macos-x86_64, r-oldrel-macos-arm64, r-oldrel-macos-x86_64