CRAN Package Check Results for Package git2rdata

Last updated on 2022-08-15 03:52:48 CEST.

Flavor Version Tinstall Tcheck Ttotal Status Flags
r-devel-linux-x86_64-debian-clang 0.4.0 3.22 66.62 69.84 OK
r-devel-linux-x86_64-debian-gcc 0.4.0 3.74 50.85 54.59 OK
r-devel-linux-x86_64-fedora-clang 0.4.0 94.07 OK
r-devel-linux-x86_64-fedora-gcc 0.4.0 91.25 OK
r-devel-windows-x86_64 0.4.0 56.00 145.00 201.00 OK
r-patched-linux-x86_64 0.4.0 3.83 62.43 66.26 OK
r-release-linux-x86_64 0.4.0 3.37 63.51 66.88 OK
r-release-macos-arm64 0.4.0 42.00 OK
r-release-macos-x86_64 0.4.0 53.00 OK
r-release-windows-x86_64 0.4.0 49.00 123.00 172.00 OK
r-oldrel-macos-arm64 0.4.0 47.00 OK
r-oldrel-macos-x86_64 0.4.0 58.00 OK
r-oldrel-windows-ix86+x86_64 0.4.0 9.00 0.00 9.00 FAIL

Check Details

Version: 0.4.0
Check: tests
Result: FAIL
    Check process probably crashed or hung up for 20 minutes ... killed
    Most likely this happened in the example checks (?),
    if not, ignore the following last lines of example output:
     "iris2.csv"
    65cc08c8736657fd3e523180b46353de368b22d1
     "iris2.yml"
    > status(repo)
    Untracked files:
     Untracked: iris2.csv
     Untracked: iris2.yml
    
    Staged changes:
     New: iris.tsv
     New: iris.yml
    
    >
    >
    >
    > ### * <FOOTER>
    > ###
    > cleanEx()
    > options(digits = 7L)
    > base::cat("Time elapsed: ", proc.time() - base::get("ptime", pos = 'CheckExEnv'),"\n")
    Time elapsed: 1.89 0.78 5.07 NA NA
    > grDevices::dev.off()
    null device
     1
    > ###
    > ### Local variables: ***
    > ### mode: outline-minor ***
    > ### outline-regexp: "\\(> \\)?### [*]+" ***
    > ### End: ***
    > quit('no')
    ======== End of example output (where/before crash/hang up occured ?) ========
Flavor: r-oldrel-windows-ix86+x86_64