Last updated on 2022-07-04 03:52:19 CEST.
Flavor | Version | Tinstall | Tcheck | Ttotal | Status | Flags |
---|---|---|---|---|---|---|
r-devel-linux-x86_64-debian-clang | 1.6.6-1 | 329.49 | 21.98 | 351.47 | OK | |
r-devel-linux-x86_64-debian-gcc | 1.6.6-1 | 259.97 | 17.01 | 276.98 | OK | |
r-devel-linux-x86_64-fedora-clang | 1.6.6-1 | 570.17 | OK | |||
r-devel-linux-x86_64-fedora-gcc | 1.6.6-1 | 568.13 | OK | |||
r-devel-windows-x86_64 | 1.6.6-1 | 19.00 | 64.00 | 83.00 | OK | |
r-patched-linux-x86_64 | 1.6.6-1 | 333.20 | 21.74 | 354.94 | OK | |
r-release-linux-x86_64 | 1.6.6-1 | 331.61 | 21.66 | 353.27 | OK | |
r-release-macos-arm64 | 1.6.6-1 | 103.00 | NOTE | |||
r-release-macos-x86_64 | 1.6.6-1 | 114.00 | NOTE | |||
r-release-windows-x86_64 | 1.6.6-1 | 22.00 | 62.00 | 84.00 | OK | |
r-oldrel-macos-arm64 | 1.6.6-1 | 74.00 | NOTE | |||
r-oldrel-macos-x86_64 | 1.6.6-1 | 96.00 | NOTE | |||
r-oldrel-windows-ix86+x86_64 | 1.6.6-1 | 24.00 | 62.00 | 86.00 | OK |
Version: 1.6.6-1
Check: installed package size
Result: NOTE
installed size is 7.6Mb
sub-directories of 1Mb or more:
libs 7.5Mb
Flavors: r-release-macos-arm64, r-release-macos-x86_64, r-oldrel-macos-arm64, r-oldrel-macos-x86_64