CRAN Package Check Results for Package ggshadow

Last updated on 2022-10-03 15:53:58 CEST.

Flavor Version Tinstall Tcheck Ttotal Status Flags
r-devel-linux-x86_64-debian-clang 0.0.2 7.05 72.77 79.82 NOTE
r-devel-linux-x86_64-debian-gcc 0.0.2 5.38 53.67 59.05 NOTE
r-devel-linux-x86_64-fedora-clang 0.0.2 107.28 NOTE
r-devel-linux-x86_64-fedora-gcc 0.0.2 108.01 NOTE
r-devel-windows-x86_64 0.0.2 28.00 119.00 147.00 NOTE
r-patched-linux-x86_64 0.0.2 8.11 66.65 74.76 NOTE
r-release-linux-x86_64 0.0.2 6.20 66.58 72.78 NOTE
r-release-macos-arm64 0.0.2 29.00 NOTE
r-release-macos-x86_64 0.0.2 53.00 NOTE
r-release-windows-x86_64 0.0.2 32.00 115.00 147.00 NOTE
r-oldrel-macos-arm64 0.0.2 35.00 NOTE
r-oldrel-macos-x86_64 0.0.2 49.00 NOTE
r-oldrel-windows-ix86+x86_64 0.0.2 17.00 108.00 125.00 NOTE

Check Details

Version: 0.0.2
Check: LazyData
Result: NOTE
     'LazyData' is specified without a 'data' directory
Flavors: r-devel-linux-x86_64-debian-clang, r-devel-linux-x86_64-debian-gcc, r-devel-linux-x86_64-fedora-clang, r-devel-linux-x86_64-fedora-gcc, r-devel-windows-x86_64, r-patched-linux-x86_64, r-release-linux-x86_64, r-release-macos-arm64, r-release-macos-x86_64, r-release-windows-x86_64, r-oldrel-macos-arm64, r-oldrel-macos-x86_64, r-oldrel-windows-ix86+x86_64

Version: 0.0.2
Check: Rd cross-references
Result: NOTE
    Undeclared package ‘RColorBrewer’ in Rd xrefs
Flavor: r-devel-linux-x86_64-fedora-clang