Last updated on 2022-07-04 03:52:19 CEST.
Flavor | Version | Tinstall | Tcheck | Ttotal | Status | Flags |
---|---|---|---|---|---|---|
r-devel-linux-x86_64-debian-clang | 0.5.10 | 5.69 | 87.26 | 92.95 | OK | |
r-devel-linux-x86_64-debian-gcc | 0.5.10 | 4.80 | 63.78 | 68.58 | OK | |
r-devel-linux-x86_64-fedora-clang | 0.5.10 | 117.19 | NOTE | |||
r-devel-linux-x86_64-fedora-gcc | 0.5.10 | 115.07 | NOTE | |||
r-devel-windows-x86_64 | 0.5.10 | 21.00 | 109.00 | 130.00 | OK | |
r-patched-linux-x86_64 | 0.5.10 | 9.80 | 83.11 | 92.91 | OK | |
r-release-linux-x86_64 | 0.5.10 | 5.32 | 80.19 | 85.51 | OK | |
r-release-macos-arm64 | 0.5.10 | 38.00 | NOTE | |||
r-release-macos-x86_64 | 0.5.10 | 69.00 | NOTE | |||
r-release-windows-x86_64 | 0.5.10 | 25.00 | 112.00 | 137.00 | OK | |
r-oldrel-macos-arm64 | 0.5.10 | 61.00 | NOTE | |||
r-oldrel-macos-x86_64 | 0.5.10 | 44.00 | NOTE | |||
r-oldrel-windows-ix86+x86_64 | 0.5.10 | 15.00 | 105.00 | 120.00 | OK |
Version: 0.5.10
Check: dependencies in R code
Result: NOTE
Namespaces in Imports field not imported from:
‘sna’ ‘utils’
All declared Imports should be used.
Flavors: r-devel-linux-x86_64-fedora-clang, r-devel-linux-x86_64-fedora-gcc, r-release-macos-arm64, r-release-macos-x86_64, r-oldrel-macos-arm64, r-oldrel-macos-x86_64