Last updated on 2022-05-28 15:50:58 CEST.
Flavor | Version | Tinstall | Tcheck | Ttotal | Status | Flags |
---|---|---|---|---|---|---|
r-devel-linux-x86_64-debian-clang | 0.1.1 | 1.76 | 31.16 | 32.92 | OK | |
r-devel-linux-x86_64-debian-gcc | 0.1.1 | 1.47 | 24.59 | 26.06 | OK | |
r-devel-linux-x86_64-fedora-clang | 0.1.1 | 40.61 | NOTE | |||
r-devel-linux-x86_64-fedora-gcc | 0.1.1 | 40.34 | OK | |||
r-devel-windows-x86_64 | 0.1.1 | 5.00 | 46.00 | 51.00 | OK | |
r-patched-linux-x86_64 | 0.1.1 | 2.10 | 30.69 | 32.79 | OK | |
r-release-linux-x86_64 | 0.1.1 | 1.63 | 30.16 | 31.79 | OK | |
r-release-macos-arm64 | 0.1.1 | 14.00 | OK | |||
r-release-macos-x86_64 | 0.1.1 | 19.00 | OK | |||
r-release-windows-x86_64 | 0.1.1 | 5.00 | 47.00 | 52.00 | OK | |
r-oldrel-macos-arm64 | 0.1.1 | 18.00 | OK | |||
r-oldrel-macos-x86_64 | 0.1.1 | 30.00 | OK | |||
r-oldrel-windows-ix86+x86_64 | 0.1.1 | 6.00 | 40.00 | 46.00 | OK |
Version: 0.1.1
Check: Rd cross-references
Result: NOTE
Undeclared package ‘dwlm’ in Rd xrefs
Flavor: r-devel-linux-x86_64-fedora-clang