CRAN Package Check Results for Package ggjoy

Last updated on 2024-05-25 15:49:43 CEST.

Flavor Version Tinstall Tcheck Ttotal Status Flags
r-devel-linux-x86_64-debian-clang 0.4.1 5.57 45.93 51.50 NOTE
r-devel-linux-x86_64-debian-gcc 0.4.1 3.56 35.69 39.25 NOTE
r-devel-linux-x86_64-fedora-clang 0.4.1 67.97 NOTE
r-devel-linux-x86_64-fedora-gcc 0.4.1 73.10 NOTE
r-devel-windows-x86_64 0.4.1 6.00 55.00 61.00 NOTE
r-patched-linux-x86_64 0.4.1 7.93 44.89 52.82 NOTE
r-release-linux-x86_64 0.4.1 3.55 44.06 47.61 NOTE
r-release-macos-arm64 0.4.1 31.00 NOTE
r-release-windows-x86_64 0.4.1 5.00 54.00 59.00 NOTE
r-oldrel-macos-arm64 0.4.1 28.00 NOTE
r-oldrel-macos-x86_64 0.4.1 44.00 NOTE
r-oldrel-windows-x86_64 0.4.1 7.00 63.00 70.00 NOTE

Check Details

Version: 0.4.1
Check: LazyData
Result: NOTE 'LazyData' is specified without a 'data' directory Flavors: r-devel-linux-x86_64-debian-clang, r-devel-linux-x86_64-debian-gcc, r-devel-linux-x86_64-fedora-clang, r-devel-linux-x86_64-fedora-gcc, r-devel-windows-x86_64, r-patched-linux-x86_64, r-release-linux-x86_64, r-release-macos-arm64, r-release-windows-x86_64, r-oldrel-macos-arm64, r-oldrel-macos-x86_64, r-oldrel-windows-x86_64