Last updated on 2023-10-02 15:06:56 CEST.
Flavor | Version | Tinstall | Tcheck | Ttotal | Status | Flags |
---|---|---|---|---|---|---|
r-devel-linux-x86_64-debian-clang | 0.2-2 | 3.39 | 30.10 | 33.49 | NOTE | |
r-devel-linux-x86_64-debian-gcc | 0.2-2 | 2.10 | 23.68 | 25.78 | NOTE | |
r-devel-linux-x86_64-fedora-clang | 0.2-2 | 43.07 | NOTE | |||
r-devel-linux-x86_64-fedora-gcc | 0.2-2 | 55.80 | NOTE | |||
r-devel-windows-x86_64 | 0.2-2 | 9.00 | 64.00 | 73.00 | NOTE | |
r-patched-linux-x86_64 | 0.2-2 | 2.99 | 29.38 | 32.37 | NOTE | |
r-release-linux-x86_64 | 0.2-2 | 3.12 | 29.60 | 32.72 | NOTE | |
r-release-macos-arm64 | 0.2-2 | 28.00 | NOTE | |||
r-release-macos-x86_64 | 0.2-2 | 39.00 | NOTE | |||
r-release-windows-x86_64 | 0.2-2 | 10.00 | 60.00 | 70.00 | NOTE | |
r-oldrel-macos-arm64 | 0.2-2 | 24.00 | OK | |||
r-oldrel-macos-x86_64 | 0.2-2 | 30.00 | OK | |||
r-oldrel-windows-x86_64 | 0.2-2 | 9.00 | 62.00 | 71.00 | NOTE |
Version: 0.2-2
Check: package dependencies
Result: NOTE
Package suggested but not available for checking: ‘argon2’
Flavors: r-devel-linux-x86_64-debian-clang, r-devel-linux-x86_64-debian-gcc, r-devel-linux-x86_64-fedora-clang, r-devel-linux-x86_64-fedora-gcc, r-devel-windows-x86_64, r-patched-linux-x86_64, r-release-linux-x86_64, r-release-macos-arm64, r-release-macos-x86_64, r-release-windows-x86_64, r-oldrel-windows-x86_64