Last updated on 2022-05-17 04:50:33 CEST.
Flavor | Version | Tinstall | Tcheck | Ttotal | Status | Flags |
---|---|---|---|---|---|---|
r-devel-linux-x86_64-debian-clang | 1.0.2 | 155.28 | 217.67 | 372.95 | OK | |
r-devel-linux-x86_64-debian-gcc | 1.0.2 | 152.23 | 170.66 | 322.89 | OK | |
r-devel-linux-x86_64-fedora-clang | 1.0.2 | 515.43 | NOTE | |||
r-devel-linux-x86_64-fedora-gcc | 1.0.2 | 513.36 | OK | |||
r-devel-windows-x86_64 | 1.0.2 | 133.00 | 219.00 | 352.00 | OK | |
r-patched-linux-x86_64 | 1.0.2 | 157.27 | 213.57 | 370.84 | OK | |
r-release-linux-x86_64 | 1.0.2 | 154.96 | 212.27 | 367.23 | OK | |
r-release-macos-arm64 | 1.0.2 | 127.00 | NOTE | |||
r-release-macos-x86_64 | 1.0.2 | 189.00 | NOTE | |||
r-release-windows-x86_64 | 1.0.2 | 154.00 | 220.00 | 374.00 | OK | |
r-oldrel-macos-arm64 | 1.0.2 | 728.00 | NOTE | |||
r-oldrel-macos-x86_64 | 1.0.2 | 144.00 | NOTE | |||
r-oldrel-windows-ix86+x86_64 | 1.0.2 | 335.00 | 284.00 | 619.00 | OK |
Version: 1.0.2
Check: installed package size
Result: NOTE
installed size is 31.4Mb
sub-directories of 1Mb or more:
libs 31.0Mb
Flavors: r-devel-linux-x86_64-fedora-clang, r-release-macos-arm64, r-release-macos-x86_64, r-oldrel-macos-arm64, r-oldrel-macos-x86_64