Last updated on 2022-06-29 15:49:54 CEST.
Flavor | Version | Tinstall | Tcheck | Ttotal | Status | Flags |
---|---|---|---|---|---|---|
r-devel-linux-x86_64-debian-clang | 1.6.0 | 8.49 | 36.51 | 45.00 | OK | |
r-devel-linux-x86_64-debian-gcc | 1.6.0 | 6.80 | 28.52 | 35.32 | OK | |
r-devel-linux-x86_64-fedora-clang | 1.6.0 | 67.58 | OK | |||
r-devel-linux-x86_64-fedora-gcc | 1.6.0 | 66.58 | OK | |||
r-devel-windows-x86_64 | 1.6.0 | 54.00 | 105.00 | 159.00 | OK | |
r-patched-linux-x86_64 | 1.6.0 | 7.98 | 34.80 | 42.78 | OK | |
r-release-linux-x86_64 | 1.6.0 | 7.85 | 34.93 | 42.78 | OK | |
r-release-macos-arm64 | 1.6.0 | 30.00 | OK | |||
r-release-macos-x86_64 | 1.6.0 | 38.00 | OK | |||
r-release-windows-x86_64 | 1.6.0 | 42.00 | 104.00 | 146.00 | OK | |
r-oldrel-macos-arm64 | 1.6.0 | 25.00 | OK | |||
r-oldrel-macos-x86_64 | 1.6.0 | 40.00 | OK | |||
r-oldrel-windows-ix86+x86_64 | 1.6.0 | 37.00 | 115.00 | 152.00 | NOTE |
Version: 1.6.0
Check: installed package size
Result: NOTE
installed size is 9.5Mb
sub-directories of 1Mb or more:
libs 9.2Mb
Flavor: r-oldrel-windows-ix86+x86_64