CRAN Package Check Results for Package geojsonR

Last updated on 2022-06-28 03:51:32 CEST.

Flavor Version Tinstall Tcheck Ttotal Status Flags
r-devel-linux-x86_64-debian-clang 1.1.0 57.98 36.03 94.01 OK
r-devel-linux-x86_64-debian-gcc 1.1.0 51.32 27.70 79.02 OK
r-devel-linux-x86_64-fedora-clang 1.1.0 151.12 OK
r-devel-linux-x86_64-fedora-gcc 1.1.0 141.57 OK
r-devel-windows-x86_64 1.1.0 67.00 87.00 154.00 OK
r-patched-linux-x86_64 1.1.0 57.73 34.43 92.16 OK
r-release-linux-x86_64 1.1.0 51.19 34.39 85.58 OK
r-release-macos-arm64 1.1.0 36.00 NOTE
r-release-macos-x86_64 1.1.0 51.00 NOTE
r-release-windows-x86_64 1.1.0 62.00 90.00 152.00 OK
r-oldrel-macos-arm64 1.1.0 41.00 NOTE
r-oldrel-macos-x86_64 1.1.0 75.00 NOTE
r-oldrel-windows-ix86+x86_64 1.1.0 149.00 90.00 239.00 OK

Check Details

Version: 1.1.0
Check: installed package size
Result: NOTE
     installed size is 6.0Mb
     sub-directories of 1Mb or more:
     doc 1.3Mb
     libs 4.5Mb
Flavors: r-release-macos-arm64, r-release-macos-x86_64, r-oldrel-macos-arm64, r-oldrel-macos-x86_64