CRAN Package Check Results for Package genlasso

Last updated on 2022-08-08 15:55:13 CEST.

Flavor Version Tinstall Tcheck Ttotal Status Flags
r-devel-linux-x86_64-debian-clang 1.5 14.77 138.06 152.83 WARN
r-devel-linux-x86_64-debian-gcc 1.5 10.77 101.91 112.68 WARN
r-devel-linux-x86_64-fedora-clang 1.5 189.52 WARN
r-devel-linux-x86_64-fedora-gcc 1.5 184.29 WARN
r-devel-windows-x86_64 1.5 24.00 174.00 198.00 OK
r-patched-linux-x86_64 1.5 13.92 130.77 144.69 WARN
r-release-linux-x86_64 1.5 WARN
r-release-macos-arm64 1.5 56.00 OK
r-release-macos-x86_64 1.5 78.00 OK
r-release-windows-x86_64 1.5 30.00 178.00 208.00 OK
r-oldrel-macos-arm64 1.5 76.00 OK
r-oldrel-macos-x86_64 1.5 111.00 OK
r-oldrel-windows-ix86+x86_64 1.5 30.00 190.00 220.00 OK

Check Details

Version: 1.5
Check: re-building of vignette outputs
Result: WARN
    Error(s) in re-building vignettes:
     ...
    --- re-building 'article.Rnw' using Sweave
    Loading required package: Matrix
    Loading required package: igraph
    
    Attaching package: 'igraph'
    
    The following objects are masked from 'package:stats':
    
     decompose, spectrum
    
    The following object is masked from 'package:base':
    
     union
    
    Error: processing vignette 'article.Rnw' failed with diagnostics:
    Running 'texi2dvi' on 'article.tex' failed.
    LaTeX errors:
    ! Argument of  has an extra }.
    <inserted text>
     \par
    l.107 \begin{document}
    
    ! Emergency stop.
    <inserted text>
     \par
    l.107 \begin{document}
    
    ! ==> Fatal error occurred, no output PDF file produced!
    --- failed re-building 'article.Rnw'
    
    SUMMARY: processing the following file failed:
     'article.Rnw'
    
    Error: Vignette re-building failed.
    Execution halted
Flavor: r-devel-linux-x86_64-debian-clang

Version: 1.5
Check: re-building of vignette outputs
Result: WARN
    Error(s) in re-building vignettes:
     ...
    --- re-building ‘article.Rnw’ using Sweave
    Loading required package: Matrix
    Loading required package: igraph
    
    Attaching package: ‘igraph’
    
    The following objects are masked from ‘package:stats’:
    
     decompose, spectrum
    
    The following object is masked from ‘package:base’:
    
     union
    
    Error: processing vignette ‘article.Rnw’ failed with diagnostics:
    Running ‘texi2dvi’ on ‘article.tex’ failed.
    LaTeX errors:
    ! Argument of <c2> has an extra }.
    <inserted text>
     \par
    l.107 \begin{document}
    
    ! Emergency stop.
    <inserted text>
     \par
    l.107 \begin{document}
    
    ! ==> Fatal error occurred, no output PDF file produced!
    --- failed re-building ‘article.Rnw’
    
    SUMMARY: processing the following file failed:
     ‘article.Rnw’
    
    Error: Vignette re-building failed.
    Execution halted
Flavors: r-devel-linux-x86_64-debian-gcc, r-patched-linux-x86_64, r-release-linux-x86_64

Version: 1.5
Check: re-building of vignette outputs
Result: WARN
    Error(s) in re-building vignettes:
    --- re-building ‘article.Rnw’ using Sweave
    Loading required package: Matrix
    Loading required package: igraph
    
    Attaching package: ‘igraph’
    
    The following objects are masked from ‘package:stats’:
    
     decompose, spectrum
    
    The following object is masked from ‘package:base’:
    
     union
    
    Error: processing vignette 'article.Rnw' failed with diagnostics:
    Running 'texi2dvi' on 'article.tex' failed.
    LaTeX errors:
    ! Argument of <c2> has an extra }.
    <inserted text>
     \par
    l.107 \begin{document}
    
    ! Paragraph ended before <c2> was complete.
    <to be read again>
     \par
    l.107 \begin{document}
    
    ! Argument of <c3> has an extra }.
    <inserted text>
     \par
    l.107 \begin{document}
    
    ! Paragraph ended before <c3> was complete.
    <to be read again>
     \par
    l.107 \begin{document}
    
    ! Argument of <c4> has an extra }.
    <inserted text>
     \par
    l.107 \begin{document}
    
    ! Paragraph ended before <c4> was complete.
    <to be read again>
     \par
    l.107 \begin{document}
    
    ! Argument of <c5> has an extra }.
    <inserted text>
     \par
    l.107 \begin{document}
    
    ! Paragraph ended before <c5> was complete.
    <to be read again>
     \par
    l.107 \begin{document}
    
    ! Argument of <c6> has an extra }.
    <inserted text>
     \par
    l.107 \begin{document}
    
    ! Paragraph ended before <c6> was complete.
    <to be read again>
     \par
    l.107 \begin{document}
    
    ! Argument of <c7> has an extra }.
    <inserted text>
     \par
    l.107 \begin{document}
    
    ! Paragraph ended before <c7> was complete.
    <to be read again>
     \par
    l.107 \begin{document}
    
    ! Argument of <c8> has an extra }.
    <inserted text>
     \par
    l.107 \begin{document}
    
    ! Paragraph ended before <c8> was complete.
    <to be read again>
     \par
    l.107 \begin{document}
    
    ! Argument of <c9> has an extra }.
    <inserted text>
     \par
    l.107 \begin{document}
    
    ! Paragraph ended before <c9> was complete.
    <to be read again>
     \par
    l.107 \begin{document}
    
    ! Argument of <ca> has an extra }.
    <inserted text>
     \par
    l.107 \begin{document}
    
    ! Paragraph ended before <ca> was complete.
    <to be read again>
     \par
    l.107 \begin{document}
    
    ! Argument of <cb> has an extra }.
    <inserted text>
     \par
    l.107 \begin{document}
    
    ! Paragraph ended before <cb> was complete.
    <to be read again>
     \par
    l.107 \begin{document}
    
    ! Argument of <cc> has an extra }.
    <inserted text>
     \par
    l.107 \begin{document}
    
    ! Paragraph ended before <cc> was complete.
    <to be read again>
     \par
    l.107 \begin{document}
    
    ! Argument of <cd> has an extra }.
    <inserted text>
     \par
    l.107 \begin{document}
    
    ! Paragraph ended before <cd> was complete.
    <to be read again>
     \par
    l.107 \begin{document}
    
    ! Argument of <ce> has an extra }.
    <inserted text>
     \par
    l.107 \begin{document}
    
    ! Paragraph ended before <ce> was complete.
    <to be read again>
     \par
    l.107 \begin{document}
    
    ! Argument of <cf> has an extra }.
    <inserted text>
     \par
    l.107 \begin{document}
    
    ! Paragraph ended before <cf> was complete.
    <to be read again>
     \par
    l.107 \begin{document}
    
    ! Argument of <d0> has an extra }.
    <inserted text>
     \par
    l.107 \begin{document}
    
    ! Paragraph ended before <d0> was complete.
    <to be read again>
     \par
    l.107 \begin{document}
    
    ! Argument of <d1> has an extra }.
    <inserted text>
     \par
    l.107 \begin{document}
    
    ! Paragraph ended before <d1> was complete.
    <to be read again>
     \par
    l.107 \begin{document}
    
    ! Argument of <d2> has an extra }.
    <inserted text>
     \par
    l.107 \begin{document}
    
    ! Paragraph ended before <d2> was complete.
    <to be read again>
     \par
    l.107 \begin{document}
    
    ! Argument of <d3> has an extra }.
    <inserted text>
     \par
    l.107 \begin{document}
    
    ! Paragraph ended before <d3> was complete.
    <to be read again>
     \par
    l.107 \begin{document}
    
    ! Argument of <d4> has an extra }.
    <inserted text>
     \par
    l.107 \begin{document}
    
    ! Paragraph ended before <d4> was complete.
    <to be read again>
     \par
    l.107 \begin{document}
    
    ! Argument of <d5> has an extra }.
    <inserted text>
     \par
    l.107 \begin{document}
    
    ! Paragraph ended before <d5> was complete.
    <to be read again>
     \par
    l.107 \begin{document}
    
    ! Argument of <d6> has an extra }.
    <inserted text>
     \par
    l.107 \begin{document}
    
    ! Paragraph ended before <d6> was complete.
    <to be read again>
     \par
    l.107 \begin{document}
    
    ! Argument of <d7> has an extra }.
    <inserted text>
     \par
    l.107 \begin{document}
    
    ! Paragraph ended before <d7> was complete.
    <to be read again>
     \par
    l.107 \begin{document}
    
    ! Argument of <d8> has an extra }.
    <inserted text>
     \par
    l.107 \begin{document}
    
    ! Paragraph ended before <d8> was complete.
    <to be read again>
     \par
    l.107 \begin{document}
    
    ! Argument of <d9> has an extra }.
    <inserted text>
     \par
    l.107 \begin{document}
    
    ! Paragraph ended before <d9> was complete.
    <to be read again>
     \par
    l.107 \begin{document}
    
    ! Argument of <da> has an extra }.
    <inserted text>
     \par
    l.107 \begin{document}
    
    ! Paragraph ended before <da> was complete.
    <to be read again>
     \par
    l.107 \begin{document}
    
    ! Argument of <db> has an extra }.
    <inserted text>
     \par
    l.107 \begin{document}
    
    ! Paragraph ended before <db> was complete.
    <to be read again>
     \par
    l.107 \begin{document}
    
    ! Argument of <dc> has an extra }.
    <inserted text>
     \par
    l.107 \begin{document}
    
    ! Paragraph ended before <dc> was complete.
    <to be read again>
     \par
    l.107 \begin{document}
    
    ! Argument of <dd> has an extra }.
    <inserted text>
     \par
    l.107 \begin{document}
    
    ! Paragraph ended before <dd> was complete.
    <to be read again>
     \par
    l.107 \begin{document}
    
    ! Argument of <de> has an extra }.
    <inserted text>
     \par
    l.107 \begin{document}
    
    ! Paragraph ended before <de> was complete.
    <to be read again>
     \par
    l.107 \begin{document}
    
    ! Argument of <df> has an extra }.
    <inserted text>
     \par
    l.107 \begin{document}
    
    ! Paragraph ended before <df> was complete.
    <to be read again>
     \par
    l.107 \begin{document}
    
    ! Argument of <e0> has an extra }.
    <inserted text>
     \par
    l.107 \begin{document}
    
    ! Paragraph ended before <e0> was complete.
    <to be read again>
     \par
    l.107 \begin{document}
    
    ! Argument of <e1> has an extra }.
    <inserted text>
     \par
    l.107 \begin{document}
    
    ! Paragraph ended before <e1> was complete.
    <to be read again>
     \par
    l.107 \begin{docum
    --- failed re-building ‘article.Rnw’
    
    SUMMARY: processing the following file failed:
     ‘article.Rnw’
    
    Error: Vignette re-building failed.
    Execution halted
Flavors: r-devel-linux-x86_64-fedora-clang, r-devel-linux-x86_64-fedora-gcc