CRAN Package Check Results for Package genius

Last updated on 2022-09-28 03:54:54 CEST.

Flavor Version Tinstall Tcheck Ttotal Status Flags
r-devel-linux-x86_64-debian-clang 2.2.3 12.03 96.39 108.42 OK
r-devel-linux-x86_64-debian-gcc 2.2.3 9.04 71.62 80.66 OK
r-devel-linux-x86_64-fedora-clang 2.2.3 145.68 OK
r-devel-linux-x86_64-fedora-gcc 2.2.3 143.12 OK
r-devel-windows-x86_64 2.2.3 17.00 112.00 129.00 WARN
r-patched-linux-x86_64 2.2.3 9.91 88.71 98.62 OK
r-release-linux-x86_64 2.2.3 11.33 88.40 99.73 OK
r-release-macos-arm64 2.2.3 33.00 OK
r-release-macos-x86_64 2.2.3 73.00 OK
r-release-windows-x86_64 2.2.3 27.00 112.00 139.00 WARN
r-oldrel-macos-arm64 2.2.3 45.00 OK
r-oldrel-macos-x86_64 2.2.3 47.00 OK
r-oldrel-windows-ix86+x86_64 2.2.3 26.00 111.00 137.00 OK

Check Details

Version: 2.2.3
Check: R files for syntax errors
Result: WARN
    Warnings in file 'R/utils.R':
     unable to translate '<U+00E9>' to native encoding
     unable to translate '<U+00F6>' to native encoding
     unable to translate '<U+00F8>' to native encoding
     unable to translate '<U+2019>' to native encoding
Flavors: r-devel-windows-x86_64, r-release-windows-x86_64