Last updated on 2022-05-24 15:52:47 CEST.
Flavor | Version | Tinstall | Tcheck | Ttotal | Status | Flags |
---|---|---|---|---|---|---|
r-devel-linux-x86_64-debian-clang | 1.2.4 | 11.84 | 316.86 | 328.70 | OK | |
r-devel-linux-x86_64-debian-gcc | 1.2.4 | 8.72 | 264.92 | 273.64 | OK | |
r-devel-linux-x86_64-fedora-clang | 1.2.4 | 392.73 | NOTE | |||
r-devel-linux-x86_64-fedora-gcc | 1.2.4 | 399.47 | OK | |||
r-devel-windows-x86_64 | 1.2.4 | 85.00 | 543.00 | 628.00 | OK | |
r-patched-linux-x86_64 | 1.2.4 | 9.29 | 317.77 | 327.06 | OK | |
r-release-linux-x86_64 | 1.2.4 | OK | ||||
r-release-macos-arm64 | 1.2.4 | 134.00 | OK | |||
r-release-macos-x86_64 | 1.2.4 | 193.00 | OK | |||
r-release-windows-x86_64 | 1.2.4 | 78.00 | 489.00 | 567.00 | OK | |
r-oldrel-macos-arm64 | 1.2.4 | 180.00 | OK | |||
r-oldrel-macos-x86_64 | 1.2.4 | 139.00 | OK | |||
r-oldrel-windows-ix86+x86_64 | 1.2.4 | 29.00 | 400.00 | 429.00 | OK |
Version: 1.2.4
Check: package dependencies
Result: NOTE
Imports includes 22 non-default packages.
Importing from so many packages makes the package vulnerable to any of
them becoming unavailable. Move as many as possible to Suggests and
use conditionally.
Flavor: r-devel-linux-x86_64-fedora-clang