Last updated on 2022-05-21 15:49:55 CEST.
Flavor | Version | Tinstall | Tcheck | Ttotal | Status | Flags |
---|---|---|---|---|---|---|
r-devel-linux-x86_64-debian-clang | 1.1.7 | 49.78 | 66.07 | 115.85 | NOTE | |
r-devel-linux-x86_64-debian-gcc | 1.1.7 | 40.31 | 50.34 | 90.65 | NOTE | |
r-devel-linux-x86_64-fedora-clang | 1.1.7 | 156.82 | NOTE | |||
r-devel-linux-x86_64-fedora-gcc | 1.1.7 | 145.48 | NOTE | |||
r-devel-windows-x86_64 | 1.1.7 | 59.00 | 91.00 | 150.00 | OK | |
r-patched-linux-x86_64 | 1.1.7 | 47.06 | 62.23 | 109.29 | NOTE | |
r-release-linux-x86_64 | 1.1.7 | 46.23 | 61.40 | 107.63 | NOTE | |
r-release-macos-arm64 | 1.1.7 | 38.00 | OK | |||
r-release-macos-x86_64 | 1.1.7 | 49.00 | OK | |||
r-release-windows-x86_64 | 1.1.7 | 56.00 | 95.00 | 151.00 | OK | |
r-oldrel-macos-arm64 | 1.1.7 | 51.00 | OK | |||
r-oldrel-macos-x86_64 | 1.1.7 | 60.00 | OK | |||
r-oldrel-windows-ix86+x86_64 | 1.1.7 | 131.00 | 91.00 | 222.00 | OK |
Version: 1.1.7
Check: package dependencies
Result: NOTE
Package suggested but not available for checking: 'gcmr'
Flavors: r-devel-linux-x86_64-debian-clang, r-devel-linux-x86_64-debian-gcc, r-devel-linux-x86_64-fedora-clang, r-devel-linux-x86_64-fedora-gcc, r-patched-linux-x86_64, r-release-linux-x86_64
Version: 1.1.7
Check: Rd cross-references
Result: NOTE
Unknown package 'gcmr' in Rd xrefs
Flavors: r-devel-linux-x86_64-debian-clang, r-devel-linux-x86_64-debian-gcc, r-devel-linux-x86_64-fedora-clang, r-devel-linux-x86_64-fedora-gcc, r-patched-linux-x86_64, r-release-linux-x86_64