CRAN Package Check Results for Package gargle

Last updated on 2024-07-24 03:49:16 CEST.

Flavor Version Tinstall Tcheck Ttotal Status Flags
r-devel-linux-x86_64-debian-clang 1.5.2 9.62 102.62 112.24 OK
r-devel-linux-x86_64-debian-gcc 1.5.2 7.07 78.72 85.79 NOTE
r-devel-linux-x86_64-fedora-clang 1.5.2 149.48 OK
r-devel-linux-x86_64-fedora-gcc 1.5.2 150.48 OK
r-devel-windows-x86_64 1.5.2 10.00 105.00 115.00 NOTE
r-patched-linux-x86_64 1.5.2 18.19 98.96 117.15 OK
r-release-linux-x86_64 1.5.2 8.28 100.15 108.43 OK
r-release-macos-arm64 1.5.2 56.00 OK
r-release-macos-x86_64 1.5.2 88.00 OK
r-release-windows-x86_64 1.5.2 9.00 104.00 113.00 OK
r-oldrel-macos-arm64 1.5.2 51.00 OK
r-oldrel-macos-x86_64 1.5.2 94.00 OK
r-oldrel-windows-x86_64 1.5.2 11.00 122.00 133.00 OK

Check Details

Version: 1.5.2
Check: Rd cross-references
Result: NOTE Found the following Rd file(s) with Rd \link{} targets missing package anchors: gargle_oauth_client_from_json.Rd: oauth_app request_make.Rd: httr request_retry.Rd: httr response_process.Rd: httr Please provide package anchors for all Rd \link{} targets not in the package itself and the base packages. Flavors: r-devel-linux-x86_64-debian-gcc, r-devel-windows-x86_64