CRAN Package Check Results for Package gamreg

Last updated on 2022-05-20 15:52:07 CEST.

Flavor Version Tinstall Tcheck Ttotal Status Flags
r-devel-linux-x86_64-debian-clang 0.3 46.35 107.63 153.98 NOTE
r-devel-linux-x86_64-debian-gcc 0.3 38.41 81.65 120.06 NOTE
r-devel-linux-x86_64-fedora-clang 0.3 195.85 NOTE
r-devel-linux-x86_64-fedora-gcc 0.3 185.49 NOTE
r-devel-windows-x86_64 0.3 41.00 134.00 175.00 NOTE
r-patched-linux-x86_64 0.3 39.42 103.13 142.55 NOTE
r-release-linux-x86_64 0.3 40.95 100.90 141.85 NOTE
r-release-macos-arm64 0.3 50.00 NOTE
r-release-macos-x86_64 0.3 104.00 NOTE
r-release-windows-x86_64 0.3 38.00 139.00 177.00 NOTE
r-oldrel-macos-arm64 0.3 60.00 NOTE
r-oldrel-macos-x86_64 0.3 73.00 NOTE
r-oldrel-windows-ix86+x86_64 0.3 116.00 175.00 291.00 NOTE

Check Details

Version: 0.3
Check: LazyData
Result: NOTE
     'LazyData' is specified without a 'data' directory
Flavors: r-devel-linux-x86_64-debian-clang, r-devel-linux-x86_64-debian-gcc, r-devel-linux-x86_64-fedora-clang, r-devel-linux-x86_64-fedora-gcc, r-devel-windows-x86_64, r-patched-linux-x86_64, r-release-linux-x86_64, r-release-macos-arm64, r-release-macos-x86_64, r-release-windows-x86_64, r-oldrel-macos-arm64, r-oldrel-macos-x86_64, r-oldrel-windows-ix86+x86_64