Last updated on 2022-05-22 15:53:19 CEST.
Flavor | Version | Tinstall | Tcheck | Ttotal | Status | Flags |
---|---|---|---|---|---|---|
r-devel-linux-x86_64-debian-clang | 0.62.3 | 4.73 | 161.87 | 166.60 | OK | |
r-devel-linux-x86_64-debian-gcc | 0.62.3 | 4.32 | 126.38 | 130.70 | OK | |
r-devel-linux-x86_64-fedora-clang | 0.62.3 | 206.92 | OK | |||
r-devel-linux-x86_64-fedora-gcc | 0.62.3 | 204.17 | OK | |||
r-devel-windows-x86_64 | 0.62.3 | 44.00 | 194.00 | 238.00 | OK | |
r-patched-linux-x86_64 | 0.62.3 | 5.90 | 155.74 | 161.64 | OK | |
r-release-linux-x86_64 | 0.62.3 | 5.47 | 158.74 | 164.21 | OK | |
r-release-macos-arm64 | 0.62.3 | 75.00 | NOTE | |||
r-release-macos-x86_64 | 0.62.3 | 89.00 | OK | |||
r-release-windows-x86_64 | 0.62.3 | 44.00 | 209.00 | 253.00 | OK | |
r-oldrel-macos-arm64 | 0.62.3 | 97.00 | OK | |||
r-oldrel-macos-x86_64 | 0.62.3 | 131.00 | OK | |||
r-oldrel-windows-ix86+x86_64 | 0.62.3 | 12.00 | 194.00 | 206.00 | OK |
Version: 0.62.3
Check: package dependencies
Result: NOTE
Package suggested but not available for checking: ‘DAAGbio’
Flavor: r-release-macos-arm64