CRAN Package Check Results for Package galigor

Last updated on 2022-05-16 15:53:13 CEST.

Flavor Version Tinstall Tcheck Ttotal Status Flags
r-devel-linux-x86_64-debian-clang 0.2.5 7.40 76.37 83.77 OK
r-devel-linux-x86_64-debian-gcc 0.2.5 6.16 57.85 64.01 OK
r-devel-linux-x86_64-fedora-clang 0.2.5 97.48 NOTE
r-devel-linux-x86_64-fedora-gcc 0.2.5 96.38 NOTE
r-devel-windows-x86_64 0.2.5 13.00 88.00 101.00 OK
r-patched-linux-x86_64 0.2.5 5.68 73.25 78.93 OK
r-release-linux-x86_64 0.2.5 4.94 71.91 76.85 OK
r-release-macos-arm64 0.2.5 29.00 NOTE
r-release-macos-x86_64 0.2.5 47.00 NOTE
r-release-windows-x86_64 0.2.5 17.00 91.00 108.00 OK
r-oldrel-macos-arm64 0.2.5 43.00 NOTE
r-oldrel-macos-x86_64 0.2.5 39.00 NOTE
r-oldrel-windows-ix86+x86_64 0.2.5 21.00 85.00 106.00 OK

Check Details

Version: 0.2.5
Check: dependencies in R code
Result: NOTE
    Namespaces in Imports field not imported from:
     ‘gargle’ ‘getProxy’ ‘rappsflyer’ ‘rfacebookstat’ ‘rgoogleads’
     ‘rmytarget’ ‘rvkstat’ ‘ryandexdirect’ ‘rym’ ‘tidyr’
     All declared Imports should be used.
Flavors: r-devel-linux-x86_64-fedora-clang, r-devel-linux-x86_64-fedora-gcc, r-release-macos-arm64, r-release-macos-x86_64, r-oldrel-macos-arm64, r-oldrel-macos-x86_64