Last updated on 2022-05-16 03:53:32 CEST.
Flavor | Version | Tinstall | Tcheck | Ttotal | Status | Flags |
---|---|---|---|---|---|---|
r-devel-linux-x86_64-debian-clang | 1.0.3 | 23.80 | 92.74 | 116.54 | OK | |
r-devel-linux-x86_64-debian-gcc | 1.0.3 | 19.38 | 69.14 | 88.52 | OK | |
r-devel-linux-x86_64-fedora-clang | 1.0.3 | 146.74 | NOTE | |||
r-devel-linux-x86_64-fedora-gcc | 1.0.3 | 137.51 | NOTE | |||
r-devel-windows-x86_64 | 1.0.3 | 259.00 | 142.00 | 401.00 | OK | |
r-patched-linux-x86_64 | 1.0.3 | 21.29 | 86.96 | 108.25 | OK | |
r-release-linux-x86_64 | 1.0.3 | 19.48 | 85.67 | 105.15 | OK | |
r-release-macos-arm64 | 1.0.3 | 37.00 | OK | |||
r-release-macos-x86_64 | 1.0.3 | 82.00 | OK | |||
r-release-windows-x86_64 | 1.0.3 | 243.00 | 138.00 | 381.00 | OK | |
r-oldrel-macos-arm64 | 1.0.3 | 66.00 | OK | |||
r-oldrel-macos-x86_64 | 1.0.3 | 65.00 | OK | |||
r-oldrel-windows-ix86+x86_64 | 1.0.3 | 61.00 | 149.00 | 210.00 | NOTE |
Version: 1.0.3
Check: compiled code
Result: NOTE
File ‘futureheatwaves/libs/futureheatwaves.so’:
Found no calls to: ‘R_registerRoutines’, ‘R_useDynamicSymbols’
It is good practice to register native routines and to disable symbol
search.
See ‘Writing portable packages’ in the ‘Writing R Extensions’ manual.
Flavors: r-devel-linux-x86_64-fedora-clang, r-devel-linux-x86_64-fedora-gcc
Version: 1.0.3
Check: installed package size
Result: NOTE
installed size is 5.6Mb
sub-directories of 1Mb or more:
doc 1.8Mb
extdata 1.5Mb
libs 2.0Mb
Flavor: r-oldrel-windows-ix86+x86_64