CRAN Package Check Results for Package fuser

Last updated on 2022-05-17 15:53:17 CEST.

Flavor Version Tinstall Tcheck Ttotal Status Flags
r-devel-linux-x86_64-debian-clang 1.0.1 36.17 304.66 340.83 NOTE
r-devel-linux-x86_64-debian-gcc 1.0.1 30.37 259.67 290.04 NOTE
r-devel-linux-x86_64-fedora-clang 1.0.1 483.31 NOTE
r-devel-linux-x86_64-fedora-gcc 1.0.1 489.74 NOTE
r-devel-windows-x86_64 1.0.1 34.00 391.00 425.00 NOTE
r-patched-linux-x86_64 1.0.1 29.61 301.67 331.28 NOTE
r-release-linux-x86_64 1.0.1 31.43 358.42 389.85 NOTE
r-release-macos-arm64 1.0.1 171.00 NOTE
r-release-macos-x86_64 1.0.1 195.00 NOTE
r-release-windows-x86_64 1.0.1 34.00 411.00 445.00 NOTE
r-oldrel-macos-arm64 1.0.1 77.00 NOTE
r-oldrel-macos-x86_64 1.0.1 101.00 NOTE
r-oldrel-windows-ix86+x86_64 1.0.1 84.00 833.00 917.00 NOTE

Check Details

Version: 1.0.1
Check: LazyData
Result: NOTE
     'LazyData' is specified without a 'data' directory
Flavors: r-devel-linux-x86_64-debian-clang, r-devel-linux-x86_64-debian-gcc, r-devel-linux-x86_64-fedora-clang, r-devel-linux-x86_64-fedora-gcc, r-devel-windows-x86_64, r-patched-linux-x86_64, r-release-linux-x86_64, r-release-macos-arm64, r-release-macos-x86_64, r-release-windows-x86_64, r-oldrel-macos-arm64, r-oldrel-macos-x86_64, r-oldrel-windows-ix86+x86_64

Version: 1.0.1
Check: installed package size
Result: NOTE
     installed size is 5.3Mb
     sub-directories of 1Mb or more:
     libs 5.1Mb
Flavors: r-release-macos-arm64, r-release-macos-x86_64, r-oldrel-macos-arm64, r-oldrel-macos-x86_64