CRAN Package Check Results for Package funFEM

Last updated on 2024-04-14 15:50:16 CEST.

Flavor Version Tinstall Tcheck Ttotal Status Flags
r-devel-linux-x86_64-debian-clang 1.2 8.21 83.60 91.81 OK
r-devel-linux-x86_64-debian-gcc 1.2 8.26 62.04 70.30 OK
r-devel-linux-x86_64-fedora-clang 1.2 112.65 NOTE
r-devel-linux-x86_64-fedora-gcc 1.2 109.43 NOTE
r-devel-windows-x86_64 1.2 9.00 81.00 90.00 OK
r-patched-linux-x86_64 1.2 6.36 80.43 86.79 OK
r-release-linux-x86_64 1.2 8.48 82.17 90.65 OK
r-release-macos-arm64 1.2 39.00 OK
r-release-macos-x86_64 1.2 62.00 OK
r-release-windows-x86_64 1.2 12.00 92.00 104.00 OK
r-oldrel-macos-arm64 1.2 38.00 NOTE
r-oldrel-windows-x86_64 1.2 12.00 97.00 109.00 OK

Check Details

Version: 1.2
Check: data for non-ASCII characters
Result: NOTE Note: found 120 marked UTF-8 strings Flavors: r-devel-linux-x86_64-fedora-clang, r-devel-linux-x86_64-fedora-gcc, r-oldrel-macos-arm64