CRAN Package Check Results for Package funData

Last updated on 2023-09-22 04:01:11 CEST.

Flavor Version Tinstall Tcheck Ttotal Status Flags
r-devel-linux-x86_64-debian-clang 1.3-8 10.89 99.30 110.19 NOTE
r-devel-linux-x86_64-debian-gcc 1.3-8 8.30 72.49 80.79 NOTE
r-devel-linux-x86_64-fedora-clang 1.3-8 140.53 NOTE
r-devel-linux-x86_64-fedora-gcc 1.3-8 131.58 NOTE
r-devel-windows-x86_64 1.3-8 10.00 111.00 121.00 NOTE
r-patched-linux-x86_64 1.3-8 11.05 92.63 103.68 NOTE
r-release-linux-x86_64 1.3-8 8.71 93.97 102.68 NOTE
r-release-macos-arm64 1.3-8 42.00 NOTE
r-release-macos-x86_64 1.3-8 60.00 NOTE
r-release-windows-x86_64 1.3-8 13.00 124.00 137.00 NOTE
r-oldrel-macos-arm64 1.3-8 39.00 OK
r-oldrel-macos-x86_64 1.3-8 75.00 OK
r-oldrel-windows-x86_64 1.3-8 15.00 112.00 127.00 OK

Check Details

Version: 1.3-8
Check: Rd \usage sections
Result: NOTE
    Objects in \usage without \alias in documentation object 'funData-constructor':
     ‘funData’
    
    Objects in \usage without \alias in documentation object 'irregFunData-constructor':
     ‘irregFunData’
    
    Objects in \usage without \alias in documentation object 'multiFunData-constructor':
     ‘multiFunData’
    
    Functions with \usage entries need to have the appropriate \alias
    entries, and all their arguments documented.
    The \usage entries must correspond to syntactically valid R code.
    See chapter ‘Writing R documentation files’ in the ‘Writing R
    Extensions’ manual.
    S3 methods shown with full name in documentation object 'plot.funData':
     ‘plot.funData’
    
    S3 methods shown with full name in documentation object 'plot.irregFunData':
     ‘plot.irregFunData’
    
    S3 methods shown with full name in documentation object 'plot.multiFunData':
     ‘plot.multiFunData’
    
    The \usage entries for S3 methods should use the \method markup and not
    their full name.
    See chapter ‘Writing R documentation files’ in the ‘Writing R
    Extensions’ manual.
Flavors: r-devel-linux-x86_64-debian-clang, r-devel-linux-x86_64-debian-gcc, r-devel-linux-x86_64-fedora-clang, r-devel-linux-x86_64-fedora-gcc, r-devel-windows-x86_64

Version: 1.3-8
Check: Rd \usage sections
Result: NOTE
    S3 methods shown with full name in documentation object 'plot.funData':
     ‘plot.funData’
    
    S3 methods shown with full name in documentation object 'plot.irregFunData':
     ‘plot.irregFunData’
    
    S3 methods shown with full name in documentation object 'plot.multiFunData':
     ‘plot.multiFunData’
    
    The \usage entries for S3 methods should use the \method markup and not
    their full name.
    See chapter ‘Writing R documentation files’ in the ‘Writing R
    Extensions’ manual.
Flavors: r-patched-linux-x86_64, r-release-linux-x86_64, r-release-macos-arm64, r-release-macos-x86_64, r-release-windows-x86_64