CRAN Package Check Results for Package fruclimadapt

Last updated on 2022-06-26 15:52:59 CEST.

Flavor Version Tinstall Tcheck Ttotal Status Flags
r-devel-linux-x86_64-debian-clang 0.4.4 12.91 146.89 159.80 OK
r-devel-linux-x86_64-debian-gcc 0.4.4 10.48 106.81 117.29 OK
r-devel-linux-x86_64-fedora-clang 0.4.4 190.96 NOTE
r-devel-linux-x86_64-fedora-gcc 0.4.4 189.88 OK
r-devel-windows-x86_64 0.4.4 68.00 166.00 234.00 OK
r-patched-linux-x86_64 0.4.4 11.90 133.09 144.99 OK
r-release-linux-x86_64 0.4.4 8.10 134.11 142.21 OK
r-release-macos-arm64 0.4.4 46.00 OK
r-release-macos-x86_64 0.4.4 83.00 OK
r-release-windows-x86_64 0.4.4 77.00 160.00 237.00 OK
r-oldrel-macos-arm64 0.4.4 54.00 OK
r-oldrel-macos-x86_64 0.4.4 76.00 OK
r-oldrel-windows-ix86+x86_64 0.4.4 29.00 166.00 195.00 OK

Check Details

Version: 0.4.4
Check: Rd cross-references
Result: NOTE
    Undeclared package ‘chillR’ in Rd xrefs
Flavor: r-devel-linux-x86_64-fedora-clang