Last updated on 2022-05-20 15:52:07 CEST.
Flavor | Version | Tinstall | Tcheck | Ttotal | Status | Flags |
---|---|---|---|---|---|---|
r-devel-linux-x86_64-debian-clang | 3.5.0 | 258.18 | 326.02 | 584.20 | OK | |
r-devel-linux-x86_64-debian-gcc | 3.5.0 | 235.21 | 233.79 | 469.00 | OK | |
r-devel-linux-x86_64-fedora-clang | 3.5.0 | 737.39 | NOTE | |||
r-devel-linux-x86_64-fedora-gcc | 3.5.0 | 729.90 | OK | |||
r-devel-windows-x86_64 | 3.5.0 | 418.00 | 321.00 | 739.00 | NOTE | |
r-patched-linux-x86_64 | 3.5.0 | 253.39 | 307.20 | 560.59 | OK | |
r-release-linux-x86_64 | 3.5.0 | 226.80 | 306.34 | 533.14 | OK | |
r-release-macos-arm64 | 3.5.0 | 294.00 | NOTE | |||
r-release-macos-x86_64 | 3.5.0 | 306.00 | NOTE | |||
r-release-windows-x86_64 | 3.5.0 | 400.00 | 344.00 | 744.00 | NOTE | |
r-oldrel-macos-arm64 | 3.5.0 | 263.00 | NOTE | |||
r-oldrel-macos-x86_64 | 3.5.0 | 252.00 | NOTE | |||
r-oldrel-windows-ix86+x86_64 | 3.5.0 | 598.00 | 386.00 | 984.00 | NOTE |
Version: 3.5.0
Check: installed package size
Result: NOTE
installed size is 10.9Mb
sub-directories of 1Mb or more:
R 1.2Mb
help 2.2Mb
libs 6.4Mb
Flavors: r-devel-linux-x86_64-fedora-clang, r-devel-windows-x86_64, r-release-macos-arm64, r-release-macos-x86_64, r-release-windows-x86_64, r-oldrel-macos-arm64, r-oldrel-macos-x86_64, r-oldrel-windows-ix86+x86_64