CRAN Package Check Results for Package fractaldim

Last updated on 2022-05-23 03:56:56 CEST.

Flavor Version Tinstall Tcheck Ttotal Status Flags
r-devel-linux-x86_64-debian-clang 0.8-5 3.90 41.39 45.29 NOTE
r-devel-linux-x86_64-debian-gcc 0.8-5 2.98 32.39 35.37 NOTE
r-devel-linux-x86_64-fedora-clang 0.8-5 55.53 NOTE
r-devel-linux-x86_64-fedora-gcc 0.8-5 43.80 NOTE
r-devel-windows-x86_64 0.8-5 43.00 66.00 109.00 OK
r-patched-linux-x86_64 0.8-5 3.40 41.09 44.49 NOTE
r-release-linux-x86_64 0.8-5 3.72 40.33 44.05 NOTE
r-release-macos-arm64 0.8-5 23.00 OK
r-release-macos-x86_64 0.8-5 29.00 OK
r-release-windows-x86_64 0.8-5 51.00 66.00 117.00 OK
r-oldrel-macos-arm64 0.8-5 32.00 OK
r-oldrel-macos-x86_64 0.8-5 30.00 OK
r-oldrel-windows-ix86+x86_64 0.8-5 23.00 54.00 77.00 OK

Check Details

Version: 0.8-5
Check: package dependencies
Result: NOTE
    Package suggested but not available for checking: 'RandomFields'
Flavors: r-devel-linux-x86_64-debian-clang, r-devel-linux-x86_64-debian-gcc, r-devel-linux-x86_64-fedora-clang, r-devel-linux-x86_64-fedora-gcc, r-patched-linux-x86_64, r-release-linux-x86_64