CRAN Package Check Results for Package fractD

Last updated on 2022-06-28 03:51:32 CEST.

Flavor Version Tinstall Tcheck Ttotal Status Flags
r-devel-linux-x86_64-debian-clang 0.1.0 2.45 54.11 56.56 NOTE
r-devel-linux-x86_64-debian-gcc 0.1.0 1.90 40.27 42.17 NOTE
r-devel-linux-x86_64-fedora-clang 0.1.0 78.19 NOTE
r-devel-linux-x86_64-fedora-gcc 0.1.0 76.84 NOTE
r-devel-windows-x86_64 0.1.0 46.00 89.00 135.00 NOTE
r-patched-linux-x86_64 0.1.0 2.46 52.54 55.00 NOTE
r-release-linux-x86_64 0.1.0 2.17 51.73 53.90 NOTE
r-release-macos-arm64 0.1.0 35.00 NOTE
r-release-macos-x86_64 0.1.0 40.00 NOTE
r-release-windows-x86_64 0.1.0 11.00 87.00 98.00 NOTE
r-oldrel-macos-arm64 0.1.0 35.00 NOTE
r-oldrel-macos-x86_64 0.1.0 55.00 NOTE
r-oldrel-windows-ix86+x86_64 0.1.0 6.00 84.00 90.00 NOTE

Check Details

Version: 0.1.0
Check: LazyData
Result: NOTE
     'LazyData' is specified without a 'data' directory
Flavors: r-devel-linux-x86_64-debian-clang, r-devel-linux-x86_64-debian-gcc, r-devel-linux-x86_64-fedora-clang, r-devel-linux-x86_64-fedora-gcc, r-devel-windows-x86_64, r-patched-linux-x86_64, r-release-linux-x86_64, r-release-macos-arm64, r-release-macos-x86_64, r-release-windows-x86_64, r-oldrel-macos-arm64, r-oldrel-macos-x86_64, r-oldrel-windows-ix86+x86_64