CRAN Package Check Results for Package foster

Last updated on 2022-05-16 03:53:31 CEST.

Flavor Version Tinstall Tcheck Ttotal Status Flags
r-devel-linux-x86_64-debian-clang 0.1.1 8.05 337.45 345.50 OK
r-devel-linux-x86_64-debian-gcc 0.1.1 6.73 253.96 260.69 OK
r-devel-linux-x86_64-fedora-clang 0.1.1 395.28 NOTE
r-devel-linux-x86_64-fedora-gcc 0.1.1 374.34 NOTE
r-devel-windows-x86_64 0.1.1 32.00 359.00 391.00 OK
r-patched-linux-x86_64 0.1.1 7.37 310.81 318.18 OK
r-release-linux-x86_64 0.1.1 5.50 309.65 315.15 OK
r-release-macos-arm64 0.1.1 97.00 NOTE
r-release-macos-x86_64 0.1.1 172.00 NOTE
r-release-windows-x86_64 0.1.1 43.00 355.00 398.00 OK
r-oldrel-macos-arm64 0.1.1 117.00 NOTE
r-oldrel-macos-x86_64 0.1.1 172.00 NOTE
r-oldrel-windows-ix86+x86_64 0.1.1 18.00 364.00 382.00 OK

Check Details

Version: 0.1.1
Check: dependencies in R code
Result: NOTE
    Namespace in Imports field not imported from: ‘spatstat’
     All declared Imports should be used.
Flavors: r-devel-linux-x86_64-fedora-clang, r-devel-linux-x86_64-fedora-gcc, r-release-macos-arm64, r-release-macos-x86_64, r-oldrel-macos-arm64, r-oldrel-macos-x86_64