CRAN Package Check Results for Package fontquiver

Last updated on 2022-09-28 15:49:54 CEST.

Flavor Version Tinstall Tcheck Ttotal Status Flags
r-devel-linux-x86_64-debian-clang 0.2.1 2.85 25.92 28.77 NOTE
r-devel-linux-x86_64-debian-gcc 0.2.1 2.30 20.42 22.72 NOTE
r-devel-linux-x86_64-fedora-clang 0.2.1 48.03 NOTE
r-devel-linux-x86_64-fedora-gcc 0.2.1 48.30 NOTE
r-devel-windows-x86_64 0.2.1 31.00 54.00 85.00 NOTE
r-patched-linux-x86_64 0.2.1 3.08 25.67 28.75 NOTE
r-release-linux-x86_64 0.2.1 2.51 25.02 27.53 NOTE
r-release-macos-arm64 0.2.1 15.00 NOTE
r-release-macos-x86_64 0.2.1 23.00 NOTE
r-release-windows-x86_64 0.2.1 27.00 56.00 83.00 NOTE
r-oldrel-macos-arm64 0.2.1 21.00 NOTE
r-oldrel-macos-x86_64 0.2.1 28.00 NOTE
r-oldrel-windows-ix86+x86_64 0.2.1 6.00 49.00 55.00 NOTE

Check Details

Version: 0.2.1
Check: LazyData
Result: NOTE
     'LazyData' is specified without a 'data' directory
Flavors: r-devel-linux-x86_64-debian-clang, r-devel-linux-x86_64-debian-gcc, r-devel-linux-x86_64-fedora-clang, r-devel-linux-x86_64-fedora-gcc, r-devel-windows-x86_64, r-patched-linux-x86_64, r-release-linux-x86_64, r-release-macos-arm64, r-release-macos-x86_64, r-release-windows-x86_64, r-oldrel-macos-arm64, r-oldrel-macos-x86_64, r-oldrel-windows-ix86+x86_64