CRAN Package Check Results for Package fmf

Last updated on 2023-06-10 03:56:22 CEST.

Flavor Version Tinstall Tcheck Ttotal Status Flags
r-devel-linux-x86_64-debian-clang 1.1.1 45.76 173.29 219.05 NOTE
r-devel-linux-x86_64-debian-gcc 1.1.1 46.63 129.35 175.98 NOTE
r-devel-linux-x86_64-fedora-clang 1.1.1 296.39 NOTE
r-devel-linux-x86_64-fedora-gcc 1.1.1 281.09 NOTE
r-devel-windows-x86_64 1.1.1 44.00 148.00 192.00 NOTE
r-patched-linux-x86_64 1.1.1 51.12 159.68 210.80 NOTE
r-release-linux-x86_64 1.1.1 42.04 160.00 202.04 NOTE
r-release-macos-arm64 1.1.1 77.00 NOTE
r-release-macos-x86_64 1.1.1 130.00 NOTE
r-release-windows-x86_64 1.1.1 60.00 185.00 245.00 NOTE
r-oldrel-macos-arm64 1.1.1 68.00 OK
r-oldrel-macos-x86_64 1.1.1 121.00 OK
r-oldrel-windows-x86_64 1.1.1 54.00 180.00 234.00 OK

Check Details

Version: 1.1.1
Check: C++ specification
Result: NOTE
     Specified C++11: please drop specification unless essential
Flavors: r-devel-linux-x86_64-debian-clang, r-devel-linux-x86_64-debian-gcc, r-devel-linux-x86_64-fedora-clang, r-devel-linux-x86_64-fedora-gcc, r-devel-windows-x86_64, r-patched-linux-x86_64, r-release-linux-x86_64, r-release-macos-arm64, r-release-macos-x86_64, r-release-windows-x86_64