Last updated on 2022-05-28 15:50:57 CEST.
Flavor | Version | Tinstall | Tcheck | Ttotal | Status | Flags |
---|---|---|---|---|---|---|
r-devel-linux-x86_64-debian-clang | 0.3.1 | 35.02 | 112.15 | 147.17 | OK | |
r-devel-linux-x86_64-debian-gcc | 0.3.1 | 24.83 | 83.14 | 107.97 | OK | |
r-devel-linux-x86_64-fedora-clang | 0.3.1 | 191.20 | NOTE | |||
r-devel-linux-x86_64-fedora-gcc | 0.3.1 | 175.03 | NOTE | |||
r-devel-windows-x86_64 | 0.3.1 | 49.00 | 157.00 | 206.00 | NOTE | |
r-patched-linux-x86_64 | 0.3.1 | 31.65 | 104.06 | 135.71 | OK | |
r-release-linux-x86_64 | 0.3.1 | 28.80 | 105.26 | 134.06 | OK | |
r-release-macos-arm64 | 0.3.1 | 53.00 | NOTE | |||
r-release-macos-x86_64 | 0.3.1 | 93.00 | NOTE | |||
r-release-windows-x86_64 | 0.3.1 | 47.00 | 162.00 | 209.00 | NOTE | |
r-oldrel-macos-arm64 | 0.3.1 | 52.00 | NOTE | |||
r-oldrel-macos-x86_64 | 0.3.1 | 68.00 | NOTE | |||
r-oldrel-windows-ix86+x86_64 | 0.3.1 | 80.00 | 175.00 | 255.00 | NOTE |
Version: 0.3.1
Check: installed package size
Result: NOTE
installed size is 8.9Mb
sub-directories of 1Mb or more:
doc 7.6Mb
Flavors: r-devel-linux-x86_64-fedora-clang, r-devel-windows-x86_64, r-release-macos-arm64, r-release-macos-x86_64, r-release-windows-x86_64, r-oldrel-macos-arm64, r-oldrel-macos-x86_64, r-oldrel-windows-ix86+x86_64
Version: 0.3.1
Check: dependencies in R code
Result: NOTE
Namespaces in Imports field not imported from:
‘R6’ ‘pbapply’
All declared Imports should be used.
Flavors: r-devel-linux-x86_64-fedora-clang, r-devel-linux-x86_64-fedora-gcc, r-release-macos-arm64, r-release-macos-x86_64, r-oldrel-macos-arm64, r-oldrel-macos-x86_64