CRAN Package Check Results for Package flexrsurv

Last updated on 2022-09-28 03:54:54 CEST.

Flavor Version Tinstall Tcheck Ttotal Status Flags
r-devel-linux-x86_64-debian-clang 2.0.11 52.79 255.08 307.87 OK
r-devel-linux-x86_64-debian-gcc 2.0.11 43.25 179.50 222.75 OK
r-devel-linux-x86_64-fedora-clang 2.0.11 410.64 WARN
r-devel-linux-x86_64-fedora-gcc 2.0.11 409.92 OK
r-devel-windows-x86_64 2.0.11 199.00 232.00 431.00 OK
r-patched-linux-x86_64 2.0.11 47.02 238.29 285.31 OK
r-release-linux-x86_64 2.0.11 44.81 238.64 283.45 OK
r-release-macos-arm64 2.0.11 70.00 OK
r-release-macos-x86_64 2.0.11 113.00 OK
r-release-windows-x86_64 2.0.11 156.00 249.00 405.00 OK
r-oldrel-macos-arm64 2.0.11 65.00 OK
r-oldrel-macos-x86_64 2.0.11 118.00 OK
r-oldrel-windows-ix86+x86_64 2.0.11 106.00 282.00 388.00 OK

Additional issues

clang15 clang15

Check Details

Version: 2.0.11
Check: whether package can be installed
Result: WARN
    Found the following significant warnings:
     intGL_NC.c:330:24: warning: invalid UTF-8 in comment [-Winvalid-utf8]
Flavor: r-devel-linux-x86_64-fedora-clang