CRAN Package Check Results for Package flamingos

Last updated on 2022-06-28 03:51:31 CEST.

Flavor Version Tinstall Tcheck Ttotal Status Flags
r-devel-linux-x86_64-debian-clang 0.1.0 69.56 176.32 245.88 OK
r-devel-linux-x86_64-debian-gcc 0.1.0 53.84 122.25 176.09 OK
r-devel-linux-x86_64-fedora-clang 0.1.0 314.23 NOTE
r-devel-linux-x86_64-fedora-gcc 0.1.0 301.49 OK
r-devel-windows-x86_64 0.1.0 110.00 245.00 355.00 NOTE
r-patched-linux-x86_64 0.1.0 61.98 168.30 230.28 OK
r-release-linux-x86_64 0.1.0 61.17 169.48 230.65 OK
r-release-macos-arm64 0.1.0 72.00 NOTE
r-release-macos-x86_64 0.1.0 114.00 NOTE
r-release-windows-x86_64 0.1.0 121.00 232.00 353.00 NOTE
r-oldrel-macos-arm64 0.1.0 77.00 NOTE
r-oldrel-macos-x86_64 0.1.0 154.00 NOTE
r-oldrel-windows-ix86+x86_64 0.1.0 171.00 299.00 470.00 NOTE

Check Details

Version: 0.1.0
Check: installed package size
Result: NOTE
     installed size is 6.8Mb
     sub-directories of 1Mb or more:
     doc 1.9Mb
     help 2.3Mb
     libs 2.2Mb
Flavors: r-devel-linux-x86_64-fedora-clang, r-devel-windows-x86_64, r-release-macos-arm64, r-release-macos-x86_64, r-release-windows-x86_64, r-oldrel-macos-arm64, r-oldrel-macos-x86_64, r-oldrel-windows-ix86+x86_64