CRAN Package Check Results for Package flair

Last updated on 2022-05-16 03:53:31 CEST.

Flavor Version Tinstall Tcheck Ttotal Status Flags
r-devel-linux-x86_64-debian-clang 0.0.2 3.97 50.06 54.03 NOTE
r-devel-linux-x86_64-debian-gcc 0.0.2 3.35 38.27 41.62 NOTE
r-devel-linux-x86_64-fedora-clang 0.0.2 64.56 NOTE
r-devel-linux-x86_64-fedora-gcc 0.0.2 62.30 NOTE
r-devel-windows-x86_64 0.0.2 19.00 70.00 89.00 NOTE
r-patched-linux-x86_64 0.0.2 3.11 48.21 51.32 NOTE
r-release-linux-x86_64 0.0.2 4.16 47.60 51.76 NOTE
r-release-macos-arm64 0.0.2 23.00 NOTE
r-release-macos-x86_64 0.0.2 40.00 NOTE
r-release-windows-x86_64 0.0.2 26.00 72.00 98.00 NOTE
r-oldrel-macos-arm64 0.0.2 24.00 NOTE
r-oldrel-macos-x86_64 0.0.2 38.00 NOTE
r-oldrel-windows-ix86+x86_64 0.0.2 10.00 59.00 69.00 NOTE

Check Details

Version: 0.0.2
Check: LazyData
Result: NOTE
     'LazyData' is specified without a 'data' directory
Flavors: r-devel-linux-x86_64-debian-clang, r-devel-linux-x86_64-debian-gcc, r-devel-linux-x86_64-fedora-clang, r-devel-linux-x86_64-fedora-gcc, r-devel-windows-x86_64, r-patched-linux-x86_64, r-release-linux-x86_64, r-release-macos-arm64, r-release-macos-x86_64, r-release-windows-x86_64, r-oldrel-macos-arm64, r-oldrel-macos-x86_64, r-oldrel-windows-ix86+x86_64

Version: 0.0.2
Check: dependencies in R code
Result: NOTE
    Namespaces in Imports field not imported from:
     ‘dplyr’ ‘evaluate’ ‘ggplot2’
     All declared Imports should be used.
Flavors: r-devel-linux-x86_64-fedora-clang, r-devel-linux-x86_64-fedora-gcc, r-release-macos-arm64, r-release-macos-x86_64, r-oldrel-macos-arm64, r-oldrel-macos-x86_64