CRAN Package Check Results for Package fitODBOD

Last updated on 2022-06-26 03:50:00 CEST.

Flavor Version Tinstall Tcheck Ttotal Status Flags
r-devel-linux-x86_64-debian-clang 1.4.1-1 8.68 160.47 169.15 OK
r-devel-linux-x86_64-debian-gcc 1.4.1-1 8.16 117.22 125.38 OK
r-devel-linux-x86_64-fedora-clang 1.4.1-1 208.02 NOTE
r-devel-linux-x86_64-fedora-gcc 1.4.1-1 212.22 OK
r-devel-windows-x86_64 1.4.1-1 93.00 201.00 294.00 OK
r-patched-linux-x86_64 1.4.1-1 10.15 156.78 166.93 OK
r-release-linux-x86_64 1.4.1-1 11.24 158.00 169.24 OK
r-release-macos-arm64 1.4.1-1 50.00 OK
r-release-macos-x86_64 1.4.1-1 72.00 OK
r-release-windows-x86_64 1.4.1-1 119.00 207.00 326.00 OK
r-oldrel-macos-arm64 1.4.1-1 62.00 OK
r-oldrel-macos-x86_64 1.4.1-1 103.00 OK
r-oldrel-windows-ix86+x86_64 1.4.1-1 17.00 221.00 238.00 OK

Check Details

Version: 1.4.1-1
Check: Rd cross-references
Result: NOTE
    Undeclared packages ‘BinaryEPPM’, ‘extraDistr’, ‘triangle’ in Rd xrefs
Flavor: r-devel-linux-x86_64-fedora-clang