Last updated on 2022-05-16 03:53:31 CEST.
Flavor | Version | Tinstall | Tcheck | Ttotal | Status | Flags |
---|---|---|---|---|---|---|
r-devel-linux-x86_64-debian-clang | 0.3.5 | 53.03 | 53.80 | 106.83 | NOTE | |
r-devel-linux-x86_64-debian-gcc | 0.3.5 | 39.95 | 41.31 | 81.26 | NOTE | |
r-devel-linux-x86_64-fedora-clang | 0.3.5 | 149.17 | NOTE | |||
r-devel-linux-x86_64-fedora-gcc | 0.3.5 | 133.14 | NOTE | |||
r-devel-windows-x86_64 | 0.3.5 | 76.00 | 89.00 | 165.00 | NOTE | |
r-patched-linux-x86_64 | 0.3.5 | 45.89 | 51.94 | 97.83 | NOTE | |
r-release-linux-x86_64 | 0.3.5 | 46.48 | 51.74 | 98.22 | NOTE | |
r-release-macos-arm64 | 0.3.5 | 38.00 | NOTE | |||
r-release-macos-x86_64 | 0.3.5 | 49.00 | NOTE | |||
r-release-windows-x86_64 | 0.3.5 | 75.00 | 92.00 | 167.00 | NOTE | |
r-oldrel-macos-arm64 | 0.3.5 | 42.00 | NOTE | |||
r-oldrel-macos-x86_64 | 0.3.5 | 49.00 | NOTE | |||
r-oldrel-windows-ix86+x86_64 | 0.3.5 | 133.00 | 91.00 | 224.00 | NOTE |
Version: 0.3.5
Check: LazyData
Result: NOTE
'LazyData' is specified without a 'data' directory
Flavors: r-devel-linux-x86_64-debian-clang, r-devel-linux-x86_64-debian-gcc, r-devel-linux-x86_64-fedora-clang, r-devel-linux-x86_64-fedora-gcc, r-devel-windows-x86_64, r-patched-linux-x86_64, r-release-linux-x86_64, r-release-macos-arm64, r-release-macos-x86_64, r-release-windows-x86_64, r-oldrel-macos-arm64, r-oldrel-macos-x86_64, r-oldrel-windows-ix86+x86_64