CRAN Package Check Results for Package fdm2id

Last updated on 2024-02-21 15:50:46 CET.

Flavor Version Tinstall Tcheck Ttotal Status Flags
r-devel-linux-x86_64-debian-clang 0.9.9 OK
r-devel-linux-x86_64-debian-gcc 0.9.9 16.89 154.49 171.38 OK
r-devel-linux-x86_64-fedora-clang 0.9.9 277.27 NOTE
r-devel-linux-x86_64-fedora-gcc 0.9.9 271.14 NOTE
r-devel-windows-x86_64 0.9.9 21.00 207.00 228.00 OK
r-patched-linux-x86_64 0.9.9 20.16 190.54 210.70 OK
r-release-linux-x86_64 0.9.9 17.99 198.67 216.66 OK
r-release-macos-arm64 0.9.9 79.00 OK
r-release-macos-x86_64 0.9.9 156.00 OK
r-release-windows-x86_64 0.9.9 29.00 258.00 287.00 OK
r-oldrel-macos-arm64 0.9.9 88.00 OK
r-oldrel-windows-x86_64 0.9.9 28.00 247.00 275.00 OK

Check Details

Version: 0.9.9
Check: data for non-ASCII characters
Result: NOTE Note: found 3 marked Latin-1 strings Note: found 3 marked UTF-8 strings Flavors: r-devel-linux-x86_64-fedora-clang, r-devel-linux-x86_64-fedora-gcc