Last updated on 2022-05-25 04:55:25 CEST.
Flavor | Version | Tinstall | Tcheck | Ttotal | Status | Flags |
---|---|---|---|---|---|---|
r-devel-linux-x86_64-debian-clang | 1.0.3 | 7.89 | 86.85 | 94.74 | OK | |
r-devel-linux-x86_64-debian-gcc | 1.0.3 | 5.75 | 64.37 | 70.12 | OK | |
r-devel-linux-x86_64-fedora-clang | 1.0.3 | 117.00 | NOTE | |||
r-devel-linux-x86_64-fedora-gcc | 1.0.3 | 105.18 | NOTE | |||
r-devel-windows-x86_64 | 1.0.3 | 18.00 | 104.00 | 122.00 | OK | |
r-patched-linux-x86_64 | 1.0.3 | 4.72 | 80.05 | 84.77 | OK | |
r-release-linux-x86_64 | 1.0.3 | OK | ||||
r-release-macos-arm64 | 1.0.3 | 34.00 | NOTE | |||
r-release-macos-x86_64 | 1.0.3 | 45.00 | NOTE | |||
r-release-windows-x86_64 | 1.0.3 | 15.00 | 102.00 | 117.00 | OK | |
r-oldrel-macos-arm64 | 1.0.3 | 30.00 | NOTE | |||
r-oldrel-macos-x86_64 | 1.0.3 | 50.00 | NOTE | |||
r-oldrel-windows-ix86+x86_64 | 1.0.3 | 19.00 | 95.00 | 114.00 | OK |
Version: 1.0.3
Check: dependencies in R code
Result: NOTE
Namespaces in Imports field not imported from:
‘FastGP’ ‘MASS’ ‘fdapace’
All declared Imports should be used.
Flavors: r-devel-linux-x86_64-fedora-clang, r-devel-linux-x86_64-fedora-gcc, r-release-macos-arm64, r-release-macos-x86_64, r-oldrel-macos-arm64, r-oldrel-macos-x86_64