Last updated on 2025-06-14 04:50:15 CEST.
Flavor | Version | Tinstall | Tcheck | Ttotal | Status | Flags |
---|---|---|---|---|---|---|
r-devel-linux-x86_64-debian-clang | 1.1-21 | 1089.30 | 156.61 | 1245.91 | OK | |
r-devel-linux-x86_64-debian-gcc | 1.1-21 | 985.64 | 202.44 | 1188.08 | OK | |
r-devel-linux-x86_64-fedora-clang | 1.1-21 | 1810.55 | OK | |||
r-devel-linux-x86_64-fedora-gcc | 1.1-21 | 2630.63 | OK | |||
r-devel-windows-x86_64 | 1.1-21 | 1113.00 | 373.00 | 1486.00 | OK | |
r-patched-linux-x86_64 | 1.1-21 | 1287.24 | 258.92 | 1546.16 | OK | |
r-release-linux-x86_64 | 1.1-21 | 1299.53 | 260.17 | 1559.70 | OK | |
r-release-macos-arm64 | 1.1-21 | 860.00 | OK | |||
r-release-macos-x86_64 | 1.1-21 | 518.00 | OK | |||
r-release-windows-x86_64 | 1.1-21 | 1131.00 | 392.00 | 1523.00 | OK | |
r-oldrel-macos-arm64 | 1.1-21 | 539.00 | NOTE | |||
r-oldrel-macos-x86_64 | 1.1-21 | 517.00 | NOTE | |||
r-oldrel-windows-x86_64 | 1.1-21 | 1307.00 | 354.00 | 1661.00 | NOTE |
Version: 1.1-21
Check: installed package size
Result: NOTE
installed size is 12.1Mb
sub-directories of 1Mb or more:
libs 11.0Mb
Flavors: r-oldrel-macos-arm64, r-oldrel-macos-x86_64, r-oldrel-windows-x86_64
Version: 1.1-21
Check: for GNU extensions in Makefiles
Result: NOTE
GNU make is a SystemRequirements.
Flavors: r-oldrel-macos-arm64, r-oldrel-macos-x86_64, r-oldrel-windows-x86_64