Last updated on 2022-06-27 03:51:12 CEST.
Flavor | Version | Tinstall | Tcheck | Ttotal | Status | Flags |
---|---|---|---|---|---|---|
r-devel-linux-x86_64-debian-clang | 0.6 | 103.33 | 36.44 | 139.77 | OK | |
r-devel-linux-x86_64-debian-gcc | 0.6 | 89.30 | 27.62 | 116.92 | OK | |
r-devel-linux-x86_64-fedora-clang | 0.6 | 218.67 | NOTE | |||
r-devel-linux-x86_64-fedora-gcc | 0.6 | 204.30 | OK | |||
r-devel-windows-x86_64 | 0.6 | 93.00 | 79.00 | 172.00 | OK | |
r-patched-linux-x86_64 | 0.6 | 90.51 | 34.42 | 124.93 | OK | |
r-release-linux-x86_64 | 0.6 | 86.34 | 35.30 | 121.64 | OK | |
r-release-macos-arm64 | 0.6 | 50.00 | NOTE | |||
r-release-macos-x86_64 | 0.6 | 63.00 | NOTE | |||
r-release-windows-x86_64 | 0.6 | 84.00 | 82.00 | 166.00 | OK | |
r-oldrel-macos-arm64 | 0.6 | 54.00 | NOTE | |||
r-oldrel-macos-x86_64 | 0.6 | 83.00 | NOTE | |||
r-oldrel-windows-ix86+x86_64 | 0.6 | 254.00 | 86.00 | 340.00 | OK |
Version: 0.6
Check: installed package size
Result: NOTE
installed size is 6.3Mb
sub-directories of 1Mb or more:
libs 6.2Mb
Flavors: r-devel-linux-x86_64-fedora-clang, r-release-macos-arm64, r-release-macos-x86_64, r-oldrel-macos-arm64, r-oldrel-macos-x86_64