Last updated on 2025-01-18 15:48:21 CET.
Flavor | Version | Tinstall | Tcheck | Ttotal | Status | Flags |
---|---|---|---|---|---|---|
r-devel-linux-x86_64-debian-clang | 1.0.0 | 4.44 | 35.91 | 40.35 | OK | |
r-devel-linux-x86_64-debian-gcc | 1.0.0 | 3.20 | 25.78 | 28.98 | OK | |
r-devel-linux-x86_64-fedora-clang | 1.0.0 | 64.88 | OK | |||
r-devel-linux-x86_64-fedora-gcc | 1.0.0 | 63.94 | OK | |||
r-devel-windows-x86_64 | 1.0.0 | 6.00 | 63.00 | 69.00 | OK | |
r-patched-linux-x86_64 | 1.0.0 | 5.11 | 33.75 | 38.86 | NOTE | |
r-release-linux-x86_64 | 1.0.0 | 4.26 | 33.21 | 37.47 | NOTE | |
r-release-macos-arm64 | 1.0.0 | 23.00 | NOTE | |||
r-release-macos-x86_64 | 1.0.0 | 32.00 | NOTE | |||
r-release-windows-x86_64 | 1.0.0 | 7.00 | 64.00 | 71.00 | NOTE | |
r-oldrel-macos-arm64 | 1.0.0 | 24.00 | NOTE | |||
r-oldrel-macos-x86_64 | 1.0.0 | 34.00 | NOTE | |||
r-oldrel-windows-x86_64 | 1.0.0 | 8.00 | 68.00 | 76.00 | NOTE |
Version: 1.0.0
Check: LazyData
Result: NOTE
'LazyData' is specified without a 'data' directory
Flavors: r-patched-linux-x86_64, r-release-linux-x86_64, r-release-macos-arm64, r-release-macos-x86_64, r-release-windows-x86_64, r-oldrel-macos-arm64, r-oldrel-macos-x86_64, r-oldrel-windows-x86_64