CRAN Package Check Results for Package fastmit

Last updated on 2022-06-28 03:51:31 CEST.

Flavor Version Tinstall Tcheck Ttotal Status Flags
r-devel-linux-x86_64-debian-clang 0.1.1 71.80 30.34 102.14 NOTE
r-devel-linux-x86_64-debian-gcc 0.1.1 59.35 23.36 82.71 NOTE
r-devel-linux-x86_64-fedora-clang 0.1.1 166.99 NOTE
r-devel-linux-x86_64-fedora-gcc 0.1.1 146.51 NOTE
r-devel-windows-x86_64 0.1.1 41.00 72.00 113.00 NOTE
r-patched-linux-x86_64 0.1.1 69.28 29.47 98.75 NOTE
r-release-linux-x86_64 0.1.1 67.38 28.87 96.25 NOTE
r-release-macos-arm64 0.1.1 36.00 NOTE
r-release-macos-x86_64 0.1.1 49.00 NOTE
r-release-windows-x86_64 0.1.1 41.00 75.00 116.00 NOTE
r-oldrel-macos-arm64 0.1.1 38.00 NOTE
r-oldrel-macos-x86_64 0.1.1 63.00 NOTE
r-oldrel-windows-ix86+x86_64 0.1.1 103.00 78.00 181.00 NOTE

Check Details

Version: 0.1.1
Check: LazyData
Result: NOTE
     'LazyData' is specified without a 'data' directory
Flavors: r-devel-linux-x86_64-debian-clang, r-devel-linux-x86_64-debian-gcc, r-devel-linux-x86_64-fedora-clang, r-devel-linux-x86_64-fedora-gcc, r-devel-windows-x86_64, r-patched-linux-x86_64, r-release-linux-x86_64, r-release-macos-arm64, r-release-macos-x86_64, r-release-windows-x86_64, r-oldrel-macos-arm64, r-oldrel-macos-x86_64, r-oldrel-windows-ix86+x86_64