CRAN Package Check Results for Package fastmatch

Last updated on 2022-05-23 15:53:34 CEST.

Flavor Version Tinstall Tcheck Ttotal Status Flags
r-devel-linux-x86_64-debian-clang 1.1-3 3.28 46.46 49.74 NOTE
r-devel-linux-x86_64-debian-gcc 1.1-3 2.26 36.46 38.72 NOTE
r-devel-linux-x86_64-fedora-clang 1.1-3 59.99 NOTE
r-devel-linux-x86_64-fedora-gcc 1.1-3 59.17 NOTE
r-devel-windows-x86_64 1.1-3 22.00 72.00 94.00 NOTE
r-patched-linux-x86_64 1.1-3 3.43 45.27 48.70 NOTE
r-release-linux-x86_64 1.1-3 NOTE
r-release-macos-arm64 1.1-3 23.00 NOTE
r-release-macos-x86_64 1.1-3 32.00 NOTE
r-release-windows-x86_64 1.1-3 11.00 74.00 85.00 NOTE
r-oldrel-macos-arm64 1.1-3 27.00 NOTE
r-oldrel-macos-x86_64 1.1-3 36.00 NOTE
r-oldrel-windows-ix86+x86_64 1.1-3 10.00 68.00 78.00 NOTE

Check Details

Version: 1.1-3
Check: compiled code
Result: NOTE
    File 'fastmatch/libs/fastmatch.so':
     Found non-API call to R: 'match5'
    
    Compiled code should not call non-API entry points in R.
    
    See 'Writing portable packages' in the 'Writing R Extensions' manual.
Flavors: r-devel-linux-x86_64-debian-clang, r-devel-linux-x86_64-debian-gcc, r-patched-linux-x86_64, r-release-linux-x86_64, r-release-macos-arm64, r-release-macos-x86_64, r-oldrel-macos-arm64, r-oldrel-macos-x86_64

Version: 1.1-3
Check: compiled code
Result: NOTE
    File ‘fastmatch/libs/fastmatch.so’:
     Found non-API call to R: ‘match5’
    File ‘fastmatch/libs/fastmatch.so’:
     Found no calls to: ‘R_registerRoutines’, ‘R_useDynamicSymbols’
    
    Compiled code should not call non-API entry points in R.
    It is good practice to register native routines and to disable symbol
    search.
    
    See ‘Writing portable packages’ in the ‘Writing R Extensions’ manual.
Flavors: r-devel-linux-x86_64-fedora-clang, r-devel-linux-x86_64-fedora-gcc

Version: 1.1-3
Check: compiled code
Result: NOTE
    File 'fastmatch/libs/x64/fastmatch.dll':
     Found non-API call to R: 'match5'
    
    Compiled code should not call non-API entry points in R.
    
    See 'Writing portable packages' in the 'Writing R Extensions' manual.
Flavors: r-devel-windows-x86_64, r-release-windows-x86_64

Version: 1.1-3
Check: compiled code
Result: NOTE
    File 'fastmatch/libs/i386/fastmatch.dll':
     Found non-API call to R: 'match5'
    File 'fastmatch/libs/x64/fastmatch.dll':
     Found non-API call to R: 'match5'
    
    Compiled code should not call non-API entry points in R.
    
    See 'Writing portable packages' in the 'Writing R Extensions' manual.
Flavor: r-oldrel-windows-ix86+x86_64