CRAN Package Check Results for Package fastM

Last updated on 2022-06-27 03:51:12 CEST.

Flavor Version Tinstall Tcheck Ttotal Status Flags
r-devel-linux-x86_64-debian-clang 0.0-4 34.44 31.79 66.23 OK
r-devel-linux-x86_64-debian-gcc 0.0-4 21.89 24.41 46.30 OK
r-devel-linux-x86_64-fedora-clang 0.0-4 101.43 NOTE
r-devel-linux-x86_64-fedora-gcc 0.0-4 88.77 OK
r-devel-windows-x86_64 0.0-4 35.00 74.00 109.00 OK
r-patched-linux-x86_64 0.0-4 25.08 30.94 56.02 OK
r-release-linux-x86_64 0.0-4 25.74 30.68 56.42 OK
r-release-macos-arm64 0.0-4 30.00 OK
r-release-macos-x86_64 0.0-4 39.00 OK
r-release-windows-x86_64 0.0-4 33.00 77.00 110.00 OK
r-oldrel-macos-arm64 0.0-4 32.00 OK
r-oldrel-macos-x86_64 0.0-4 47.00 OK
r-oldrel-windows-ix86+x86_64 0.0-4 79.00 75.00 154.00 OK

Check Details

Version: 0.0-4
Check: Rd cross-references
Result: NOTE
    Undeclared packages ‘ICSNP’, ‘ICS’ in Rd xrefs
Flavor: r-devel-linux-x86_64-fedora-clang