CRAN Package Check Results for Package fastICA

Last updated on 2024-02-21 15:50:46 CET.

Flavor Version Tinstall Tcheck Ttotal Status Flags
r-devel-linux-x86_64-debian-clang 1.2-4 OK
r-devel-linux-x86_64-debian-gcc 1.2-4 2.61 18.99 21.60 OK
r-devel-linux-x86_64-fedora-clang 1.2-4 36.45 OK
r-devel-linux-x86_64-fedora-gcc 1.2-4 34.87 OK
r-devel-windows-x86_64 1.2-4 5.00 44.00 49.00 WARN
r-patched-linux-x86_64 1.2-4 3.37 24.20 27.57 OK
r-release-linux-x86_64 1.2-4 3.21 24.25 27.46 OK
r-release-macos-arm64 1.2-4 30.00 OK
r-release-macos-x86_64 1.2-4 52.00 OK
r-release-windows-x86_64 1.2-4 5.00 44.00 49.00 OK
r-oldrel-macos-arm64 1.2-4 31.00 OK
r-oldrel-windows-x86_64 1.2-4 6.00 48.00 54.00 OK

Check Details

Version: 1.2-4
Check: whether package can be installed
Result: WARN Found the following significant warnings: ica.c:100:25: warning: format '%lu' expects argument of type 'long unsigned int', but argument 2 has type 'size_t' {aka 'long long unsigned int'} [-Wformat=] ica.c:100:31: warning: format '%lu' expects argument of type 'long unsigned int', but argument 3 has type 'size_t' {aka 'long long unsigned int'} [-Wformat=] See 'd:/Rcompile/CRANpkg/local/4.4/fastICA.Rcheck/00install.out' for details. * used C compiler: 'gcc.exe (GCC) 12.3.0' Flavor: r-devel-windows-x86_64